{"id":4695,"date":"2026-04-21T20:10:03","date_gmt":"2026-04-21T20:10:03","guid":{"rendered":"https:\/\/zsl.webwolfdesign.eu\/?post_type=event_listing&#038;p=4695"},"modified":"2026-04-21T20:10:03","modified_gmt":"2026-04-21T20:10:03","slug":"tarde-de-cine-zsl-somos-visibles","status":"publish","type":"event_listing","link":"https:\/\/zsl-erlangen.de\/es\/evento\/tarde-de-cine-zsl-somos-visibles\/","title":{"rendered":"Noche de cine ZSL \u201eSomos visibles\u201c"},"content":{"rendered":"<p>Con \u201eSomos visibles\u201c, de Karina Sturm, inauguramos en ZSL un ciclo de cine que ofrece interesantes perspectivas sobre la vida de las personas con discapacidad y se centra en temas de relevancia social.<\/p>\n\n\n\n<p>Este documental comienza con la historia de personas que padecen el s\u00edndrome de Ehlers-Danlos (SED), un trastorno del tejido conjuntivo poco frecuente, cong\u00e9nito y normalmente invisible.<\/p>\n\n\n\n<p>Las personas con SED viven a menudo con dolor cr\u00f3nico, un largo camino hasta el diagn\u00f3stico, diagn\u00f3sticos err\u00f3neos y falta de comprensi\u00f3n por parte de quienes les rodean. A los dem\u00e1s les resulta dif\u00edcil entender c\u00f3mo alguien puede parecer completamente sano y, sin embargo, estar gravemente enfermo.<\/p>\n\n\n\n<p>La pel\u00edcula sigue a personas afectadas de distintas edades y de varios pa\u00edses y muestra las realidades de sus vidas personales y los retos diarios a los que se enfrentan. La pel\u00edcula revela no s\u00f3lo las limitaciones f\u00edsicas, sino tambi\u00e9n las cargas emocionales y los prejuicios sociales a los que se enfrentan las personas con discapacidades invisibles.<\/p>\n\n\n\n<p>Tras la proyecci\u00f3n, se invita al p\u00fablico a debatir sobre la pel\u00edcula y el tema de las discapacidades invisibles en un ambiente distendido.<\/p>\n\n\n\n<p>Nos gustar\u00eda ofrecer m\u00e1s pel\u00edculas en el programa ZSLife en los pr\u00f3ximos meses y descubrirlas junto a usted.<\/p>\n\n\n\n<p><strong>Entrada gratuita<\/strong><\/p>\n\n\n\n<p><strong>Inscr\u00edbase antes del 15 de mayo<\/strong> <\/p>\n\n\n\n<p><\/p>","protected":false},"featured_media":4696,"template":"","meta":[],"event_listing_category":[50],"event_listing_type":[91],"class_list":["post-4695","event_listing","type-event_listing","status-publish","has-post-thumbnail","hentry","event_listing_category-film-media-entertainment","event_listing_type-aktuell"],"_links":{"self":[{"href":"https:\/\/zsl-erlangen.de\/es\/wp-json\/wp\/v2\/event_listing\/4695","targetHints":{"allow":["GET"]}}],"collection":[{"href":"https:\/\/zsl-erlangen.de\/es\/wp-json\/wp\/v2\/event_listing"}],"about":[{"href":"https:\/\/zsl-erlangen.de\/es\/wp-json\/wp\/v2\/types\/event_listing"}],"wp:featuredmedia":[{"embeddable":true,"href":"https:\/\/zsl-erlangen.de\/es\/wp-json\/wp\/v2\/media\/4696"}],"wp:attachment":[{"href":"https:\/\/zsl-erlangen.de\/es\/wp-json\/wp\/v2\/media?parent=4695"}],"wp:term":[{"taxonomy":"event_listing_category","embeddable":true,"href":"https:\/\/zsl-erlangen.de\/es\/wp-json\/wp\/v2\/event_listing_category?post=4695"},{"taxonomy":"event_listing_type","embeddable":true,"href":"https:\/\/zsl-erlangen.de\/es\/wp-json\/wp\/v2\/event_listing_type?post=4695"}],"curies":[{"name":"wp","href":"https:\/\/api.w.org\/{rel}","templated":true}]}}

<p>Con „Somos visibles“, de Karina Sturm, inauguramos en ZSL un ciclo de cine que ofrece interesantes perspectivas sobre la vida de las personas con discapacidad y se centra en temas de relevancia social.</p>



<p>Este documental comienza con la historia de personas que padecen el síndrome de Ehlers-Danlos (SED), un trastorno del tejido conjuntivo poco frecuente, congénito y normalmente invisible.</p>



<p>Las personas con SED viven a menudo con dolor crónico, un largo camino hasta el diagnóstico, diagnósticos erróneos y falta de comprensión por parte de quienes les rodean. A los demás les resulta difícil entender cómo alguien puede parecer completamente sano y, sin embargo, estar gravemente enfermo.</p>



<p>La película sigue a personas afectadas de distintas edades y de varios países y muestra las realidades de sus vidas personales y los retos diarios a los que se enfrentan. La película revela no sólo las limitaciones físicas, sino también las cargas emocionales y los prejuicios sociales a los que se enfrentan las personas con discapacidades invisibles.</p>



<p>Tras la proyección, se invita al público a debatir sobre la película y el tema de las discapacidades invisibles en un ambiente distendido.</p>



<p>Nos gustaría ofrecer más películas en el programa ZSLife en los próximos meses y descubrirlas junto a usted.</p>



<p><strong>Entrada gratuita</strong></p>



<p><strong>Inscríbase antes del 15 de mayo</strong> </p>



<p></p>
