{"id":4873,"date":"2026-04-23T12:26:52","date_gmt":"2026-04-23T12:26:52","guid":{"rendered":"https:\/\/zsl.webwolfdesign.eu\/?post_type=event_listing&#038;p=4873"},"modified":"2026-04-23T12:43:54","modified_gmt":"2026-04-23T12:43:54","slug":"zsl-filmabend-we-are-visible-2","status":"publish","type":"event_listing","link":"https:\/\/zsl-erlangen.de\/es\/evento\/zsl-filmabend-we-are-visible-2\/","title":{"rendered":"-ZSL Filmabend &#8222;We are visible&#8220;"},"content":{"rendered":"<p>Con <strong>\u201eWe Are Visible\u201c<\/strong> von <strong>Karina Sturm<\/strong> startet im ZSL eine neue <strong>Film-Reihe<\/strong>.<br>Die Filme zeigen das Leben von Menschen mit Beeintr\u00e4chtigungen<br>und machen wichtige Themen f\u00fcr die Gesellschaft sichtbar.<\/p>\n\n\n\n<p>Der erste Film handelt von Menschen mit dem <strong>Ehlers-Danlos-Syndrom (EDS)<\/strong>.<br>EDS ist eine <strong>seltene Krankheit<\/strong>.<br>Sie ist <strong>angeboren<\/strong> und oft <strong>nicht sichtbar<\/strong>.<\/p>\n\n\n\n<p>Viele Menschen mit EDS haben <strong>chronische Schmerzen<\/strong>.<br>Oft dauert es lange, bis die Krankheit erkannt wird.<br>Manche bekommen zuerst eine <strong>falsche Diagnose<\/strong>.<br>Auch andere Menschen verstehen oft nicht,<br>dass jemand krank sein kann, obwohl die Person gesund aussieht.<\/p>\n\n\n\n<p>Der Film zeigt Menschen aus verschiedenen L\u00e4ndern und in verschiedenen Altersgruppen.<br>Er zeigt ihren Alltag und ihre Herausforderungen.<br>Dabei geht es nicht nur um k\u00f6rperliche Probleme,<br>sondern auch um Gef\u00fchle und Vorurteile gegen\u00fcber Menschen mit <strong>unsichtbaren Behinderungen<\/strong>.<\/p>\n\n\n\n<p>Nach dem Film gibt es die M\u00f6glichkeit,<br>sich in lockerer Atmosph\u00e4re \u00fcber den Film und das Thema auszutauschen.<\/p>\n\n\n\n<p>In den n\u00e4chsten Monaten m\u00f6chten wir noch mehr Filme im <strong>ZSLife-Programm<\/strong> zeigen<br>und gemeinsam mit Ihnen entdecken.<\/p>\n\n\n\n<p><strong>Der Eintritt ist frei.<\/strong><br><strong>Bitte melden Sie sich bis zum 15. Mai an.<\/strong><\/p>","protected":false},"featured_media":4696,"template":"","meta":[],"event_listing_category":[50],"event_listing_type":[97],"class_list":["post-4873","event_listing","type-event_listing","status-publish","has-post-thumbnail","hentry","event_listing_category-film-media-entertainment","event_listing_type-einfache-sprache"],"_links":{"self":[{"href":"https:\/\/zsl-erlangen.de\/es\/wp-json\/wp\/v2\/event_listing\/4873","targetHints":{"allow":["GET"]}}],"collection":[{"href":"https:\/\/zsl-erlangen.de\/es\/wp-json\/wp\/v2\/event_listing"}],"about":[{"href":"https:\/\/zsl-erlangen.de\/es\/wp-json\/wp\/v2\/types\/event_listing"}],"wp:featuredmedia":[{"embeddable":true,"href":"https:\/\/zsl-erlangen.de\/es\/wp-json\/wp\/v2\/media\/4696"}],"wp:attachment":[{"href":"https:\/\/zsl-erlangen.de\/es\/wp-json\/wp\/v2\/media?parent=4873"}],"wp:term":[{"taxonomy":"event_listing_category","embeddable":true,"href":"https:\/\/zsl-erlangen.de\/es\/wp-json\/wp\/v2\/event_listing_category?post=4873"},{"taxonomy":"event_listing_type","embeddable":true,"href":"https:\/\/zsl-erlangen.de\/es\/wp-json\/wp\/v2\/event_listing_type?post=4873"}],"curies":[{"name":"wp","href":"https:\/\/api.w.org\/{rel}","templated":true}]}}

<p>Con <strong>„We Are Visible“</strong> von <strong>Karina Sturm</strong> startet im ZSL eine neue <strong>Film-Reihe</strong>.<br>Die Filme zeigen das Leben von Menschen mit Beeinträchtigungen<br>und machen wichtige Themen für die Gesellschaft sichtbar.</p>



<p>Der erste Film handelt von Menschen mit dem <strong>Ehlers-Danlos-Syndrom (EDS)</strong>.<br>EDS ist eine <strong>seltene Krankheit</strong>.<br>Sie ist <strong>angeboren</strong> und oft <strong>nicht sichtbar</strong>.</p>



<p>Viele Menschen mit EDS haben <strong>chronische Schmerzen</strong>.<br>Oft dauert es lange, bis die Krankheit erkannt wird.<br>Manche bekommen zuerst eine <strong>falsche Diagnose</strong>.<br>Auch andere Menschen verstehen oft nicht,<br>dass jemand krank sein kann, obwohl die Person gesund aussieht.</p>



<p>Der Film zeigt Menschen aus verschiedenen Ländern und in verschiedenen Altersgruppen.<br>Er zeigt ihren Alltag und ihre Herausforderungen.<br>Dabei geht es nicht nur um körperliche Probleme,<br>sondern auch um Gefühle und Vorurteile gegenüber Menschen mit <strong>unsichtbaren Behinderungen</strong>.</p>



<p>Nach dem Film gibt es die Möglichkeit,<br>sich in lockerer Atmosphäre über den Film und das Thema auszutauschen.</p>



<p>In den nächsten Monaten möchten wir noch mehr Filme im <strong>ZSLife-Programm</strong> zeigen<br>und gemeinsam mit Ihnen entdecken.</p>



<p><strong>Der Eintritt ist frei.</strong><br><strong>Bitte melden Sie sich bis zum 15. Mai an.</strong></p>
