{"id":1771,"date":"2025-11-27T15:30:37","date_gmt":"2025-11-27T15:30:37","guid":{"rendered":"https:\/\/zsl.webwolfdesign.eu\/?page_id=1771"},"modified":"2026-04-23T11:54:50","modified_gmt":"2026-04-23T11:54:50","slug":"donar","status":"publish","type":"page","link":"https:\/\/zsl-erlangen.de\/es\/donar\/","title":{"rendered":"Spenden"},"content":{"rendered":"<div data-elementor-type=\"wp-page\" data-elementor-id=\"1771\" class=\"elementor elementor-1771\" data-elementor-post-type=\"page\">\n\t\t\t\t<div class=\"elementor-element elementor-element-c317c4e e-con-full e-flex e-con e-child\" data-id=\"c317c4e\" data-element_type=\"container\" data-e-type=\"container\">\n\t\t<div class=\"elementor-element elementor-element-1619ea3 e-flex e-con-boxed e-con e-child\" data-id=\"1619ea3\" data-element_type=\"container\" data-e-type=\"container\" data-settings=\"{&quot;background_background&quot;:&quot;classic&quot;}\">\n\t\t\t\t\t<div class=\"e-con-inner\">\n\t\t<div class=\"elementor-element elementor-element-25371ee e-con-full e-flex e-con e-child\" data-id=\"25371ee\" data-element_type=\"container\" data-e-type=\"container\" data-settings=\"{&quot;background_background&quot;:&quot;classic&quot;}\">\n\t\t<div class=\"elementor-element elementor-element-b0a602b e-con-full e-flex e-con e-child\" data-id=\"b0a602b\" data-element_type=\"container\" data-e-type=\"container\">\n\t\t<div class=\"elementor-element elementor-element-98ed0a8 e-con-full e-flex e-con e-child\" data-id=\"98ed0a8\" data-element_type=\"container\" data-e-type=\"container\" data-settings=\"{&quot;background_background&quot;:&quot;classic&quot;}\">\n\t\t<div class=\"elementor-element elementor-element-6dfe663 e-con-full e-flex e-con e-child\" data-id=\"6dfe663\" data-element_type=\"container\" data-e-type=\"container\">\n\t\t\t\t<div class=\"elementor-element elementor-element-1191ad0 elementor-widget elementor-widget-heading\" data-id=\"1191ad0\" data-element_type=\"widget\" data-e-type=\"widget\" data-widget_type=\"heading.default\">\n\t\t\t\t\t<h2 class=\"elementor-heading-title elementor-size-default\">Apoye nuestro trabajo con una donaci\u00f3n<\/h2>\t\t\t\t<\/div>\n\t\t\t\t<\/div>\n\t\t<div class=\"elementor-element elementor-element-50d9e46 e-con-full e-flex e-con e-child\" data-id=\"50d9e46\" data-element_type=\"container\" data-e-type=\"container\">\n\t\t\t\t<div class=\"elementor-element elementor-element-fa0c7cc elementor-widget elementor-widget-image\" data-id=\"fa0c7cc\" data-element_type=\"widget\" data-e-type=\"widget\" data-widget_type=\"image.default\">\n\t\t\t\t\t\t\t\t\t\t\t\t\t\t\t<img fetchpriority=\"high\" decoding=\"async\" width=\"800\" height=\"336\" src=\"https:\/\/zsl-erlangen.de\/wp-content\/uploads\/2025\/11\/spenden-1024x430.jpg\" class=\"attachment-large size-large wp-image-1778\" alt=\"mantener-unidas-las-donaciones-recogidas\" srcset=\"https:\/\/zsl-erlangen.de\/wp-content\/uploads\/2025\/11\/spenden-1024x430.jpg 1024w, https:\/\/zsl-erlangen.de\/wp-content\/uploads\/2025\/11\/spenden-300x126.jpg 300w, https:\/\/zsl-erlangen.de\/wp-content\/uploads\/2025\/11\/spenden-768x323.jpg 768w, https:\/\/zsl-erlangen.de\/wp-content\/uploads\/2025\/11\/spenden.jpg 1500w\" sizes=\"(max-width: 800px) 100vw, 800px\" \/>\t\t\t\t\t\t\t\t\t\t\t\t\t\t\t<\/div>\n\t\t\t\t<\/div>\n\t\t\t\t<\/div>\n\t\t\t\t<div class=\"elementor-element elementor-element-8939c85 elementor-widget elementor-widget-text-editor\" data-id=\"8939c85\" data-element_type=\"widget\" data-e-type=\"widget\" data-widget_type=\"text-editor.default\">\n\t\t\t\t\t\t\t\t\t<p>La Convenci\u00f3n sobre los Derechos de las Personas con Discapacidad ha consagrado el derecho de estas personas a la igualdad de oportunidades, la plena inclusi\u00f3n en la sociedad y la participaci\u00f3n en la comunidad.<\/p><div class=\"row\"><div class=\"col-12 col-lg-9 unterseitenText\"><p>En el Centro para la Vida Autodeterminada de las Personas con Discapacidad (ZSL e.V.) perseguimos este objetivo desde la fundaci\u00f3n de nuestra asociaci\u00f3n en 1988, trabajando por la igualdad de oportunidades, la autodeterminaci\u00f3n y la participaci\u00f3n social de todas las personas con discapacidad, por ejemplo mediante<\/p><ul><li>Asesoramiento gratuito y confidencial<\/li><li>Asesoramiento por parte de asesores con discapacidad (asesores inter pares)<\/li><li>Actos informativos organizados por la ZSL sobre la legislaci\u00f3n propuesta<\/li><li>Reuniones para facilitar y mantener contactos fuera de los centros de atenci\u00f3n a discapacitados<\/li><\/ul><p>Los proyectos individuales de la ZSL son financiados por el distrito de Franconia Media, el Estado de Baviera, el Ministerio Federal de Trabajo y Asuntos Sociales y Aktion Mensch, pero tiene que sufragar por s\u00ed misma una parte considerable de los costes.<\/p><p>Apoye nuestro trabajo con su donaci\u00f3n:<\/p><\/div><\/div>\t\t\t\t\t\t\t\t<\/div>\n\t\t<div class=\"elementor-element elementor-element-2585dfe e-con-full e-flex e-con e-child\" data-id=\"2585dfe\" data-element_type=\"container\" data-e-type=\"container\">\n\t\t<div class=\"elementor-element elementor-element-5e42b4c e-con-full e-flex e-con e-child\" data-id=\"5e42b4c\" data-element_type=\"container\" data-e-type=\"container\" data-settings=\"{&quot;background_background&quot;:&quot;classic&quot;}\">\n\t\t\t\t<div class=\"elementor-element elementor-element-5e931d4 elementor-widget elementor-widget-text-editor\" data-id=\"5e931d4\" data-element_type=\"widget\" data-e-type=\"widget\" data-widget_type=\"text-editor.default\">\n\t\t\t\t\t\t\t\t\t<p>Beneficiario: ZSL e.V. - Erlangen<br \/>IBAN: DE64 7635 0000 1061 0249 07<br \/>Palabra clave de la donaci\u00f3n: F\u00f6rderspende<br \/>BIC\/SWIFT: BYLADEM1ERH<br \/>Caja de Ahorros de Erlangen<\/p>\t\t\t\t\t\t\t\t<\/div>\n\t\t\t\t<\/div>\n\t\t<div class=\"elementor-element elementor-element-b569c4b e-con-full e-flex e-con e-child\" data-id=\"b569c4b\" data-element_type=\"container\" data-e-type=\"container\">\n\t\t\t\t<\/div>\n\t\t\t\t<\/div>\n\t\t\t\t<div class=\"elementor-element elementor-element-5fd56ca elementor-widget elementor-widget-text-editor\" data-id=\"5fd56ca\" data-element_type=\"widget\" data-e-type=\"widget\" data-widget_type=\"text-editor.default\">\n\t\t\t\t\t\t\t\t\t<p>Nota: Estamos autorizados a imponer multas.<\/p>\t\t\t\t\t\t\t\t<\/div>\n\t\t\t\t<\/div>\n\t\t\t\t<\/div>\n\t\t\t\t\t<\/div>\n\t\t\t\t<\/div>\n\t\t\t\t<\/div>\n\t\t\t\t<\/div>","protected":false},"excerpt":{"rendered":"<p>Unterst\u00fctzen Sie unsere T\u00e4tigkeit durch eine Spende! Die Behindertenrechtskonvention hat das Recht von Menschen mit Behinderung auf die gleichen Wahlm\u00f6glichkeiten, auf volle Einbeziehung in die Gesellschaft und Teilhabe an der Gemeinschaft festgeschrieben. Dieses Ziel verfolgen wir im Zentrum f\u00fcr Selbstbestimmtes Leben Behinderter (ZSL e.V.) seit unserer Vereinsgr\u00fcndung 1988, indem wir uns f\u00fcr Chancengleichheit, Selbstbestimmung und [&hellip;]<\/p>\n","protected":false},"author":1,"featured_media":0,"parent":0,"menu_order":0,"comment_status":"closed","ping_status":"closed","template":"","meta":{"footnotes":""},"class_list":["post-1771","page","type-page","status-publish","hentry"],"_links":{"self":[{"href":"https:\/\/zsl-erlangen.de\/es\/wp-json\/wp\/v2\/pages\/1771","targetHints":{"allow":["GET"]}}],"collection":[{"href":"https:\/\/zsl-erlangen.de\/es\/wp-json\/wp\/v2\/pages"}],"about":[{"href":"https:\/\/zsl-erlangen.de\/es\/wp-json\/wp\/v2\/types\/page"}],"author":[{"embeddable":true,"href":"https:\/\/zsl-erlangen.de\/es\/wp-json\/wp\/v2\/users\/1"}],"replies":[{"embeddable":true,"href":"https:\/\/zsl-erlangen.de\/es\/wp-json\/wp\/v2\/comments?post=1771"}],"version-history":[{"count":19,"href":"https:\/\/zsl-erlangen.de\/es\/wp-json\/wp\/v2\/pages\/1771\/revisions"}],"predecessor-version":[{"id":4856,"href":"https:\/\/zsl-erlangen.de\/es\/wp-json\/wp\/v2\/pages\/1771\/revisions\/4856"}],"wp:attachment":[{"href":"https:\/\/zsl-erlangen.de\/es\/wp-json\/wp\/v2\/media?parent=1771"}],"curies":[{"name":"wp","href":"https:\/\/api.w.org\/{rel}","templated":true}]}}

<div data-elementor-type="wp-page" data-elementor-id="1771" class="elementor elementor-1771" data-elementor-post-type="page">
				<div class="elementor-element elementor-element-c317c4e e-con-full e-flex e-con e-child" data-id="c317c4e" data-element_type="container" data-e-type="container">
		<div class="elementor-element elementor-element-1619ea3 e-flex e-con-boxed e-con e-child" data-id="1619ea3" data-element_type="container" data-e-type="container" data-settings="{&quot;background_background&quot;:&quot;classic&quot;}">
					<div class="e-con-inner">
		<div class="elementor-element elementor-element-25371ee e-con-full e-flex e-con e-child" data-id="25371ee" data-element_type="container" data-e-type="container" data-settings="{&quot;background_background&quot;:&quot;classic&quot;}">
		<div class="elementor-element elementor-element-b0a602b e-con-full e-flex e-con e-child" data-id="b0a602b" data-element_type="container" data-e-type="container">
		<div class="elementor-element elementor-element-98ed0a8 e-con-full e-flex e-con e-child" data-id="98ed0a8" data-element_type="container" data-e-type="container" data-settings="{&quot;background_background&quot;:&quot;classic&quot;}">
		<div class="elementor-element elementor-element-6dfe663 e-con-full e-flex e-con e-child" data-id="6dfe663" data-element_type="container" data-e-type="container">
				<div class="elementor-element elementor-element-1191ad0 elementor-widget elementor-widget-heading" data-id="1191ad0" data-element_type="widget" data-e-type="widget" data-widget_type="heading.default">
					<h2 class="elementor-heading-title elementor-size-default">Apoye nuestro trabajo con una donación</h2>				</div>
				</div>
		<div class="elementor-element elementor-element-50d9e46 e-con-full e-flex e-con e-child" data-id="50d9e46" data-element_type="container" data-e-type="container">
				<div class="elementor-element elementor-element-fa0c7cc elementor-widget elementor-widget-image" data-id="fa0c7cc" data-element_type="widget" data-e-type="widget" data-widget_type="image.default">
															<img fetchpriority="high" decoding="async" width="800" height="336" src="https://zsl-erlangen.de/wp-content/uploads/2025/11/spenden-1024x430.jpg" class="attachment-large size-large wp-image-1778" alt="mantener-unidas-las-donaciones-recogidas" srcset="https://zsl-erlangen.de/wp-content/uploads/2025/11/spenden-1024x430.jpg 1024w, https://zsl-erlangen.de/wp-content/uploads/2025/11/spenden-300x126.jpg 300w, https://zsl-erlangen.de/wp-content/uploads/2025/11/spenden-768x323.jpg 768w, https://zsl-erlangen.de/wp-content/uploads/2025/11/spenden.jpg 1500w" sizes="(max-width: 800px) 100vw, 800px" />															</div>
				</div>
				</div>
				<div class="elementor-element elementor-element-8939c85 elementor-widget elementor-widget-text-editor" data-id="8939c85" data-element_type="widget" data-e-type="widget" data-widget_type="text-editor.default">
									<p>La Convención sobre los Derechos de las Personas con Discapacidad ha consagrado el derecho de estas personas a la igualdad de oportunidades, la plena inclusión en la sociedad y la participación en la comunidad.</p><div class="row"><div class="col-12 col-lg-9 unterseitenText"><p>En el Centro para la Vida Autodeterminada de las Personas con Discapacidad (ZSL e.V.) perseguimos este objetivo desde la fundación de nuestra asociación en 1988, trabajando por la igualdad de oportunidades, la autodeterminación y la participación social de todas las personas con discapacidad, por ejemplo mediante</p><ul><li>Asesoramiento gratuito y confidencial</li><li>Asesoramiento por parte de asesores con discapacidad (asesores inter pares)</li><li>Actos informativos organizados por la ZSL sobre la legislación propuesta</li><li>Reuniones para facilitar y mantener contactos fuera de los centros de atención a discapacitados</li></ul><p>Los proyectos individuales de la ZSL son financiados por el distrito de Franconia Media, el Estado de Baviera, el Ministerio Federal de Trabajo y Asuntos Sociales y Aktion Mensch, pero tiene que sufragar por sí misma una parte considerable de los costes.</p><p>Apoye nuestro trabajo con su donación:</p></div></div>								</div>
		<div class="elementor-element elementor-element-2585dfe e-con-full e-flex e-con e-child" data-id="2585dfe" data-element_type="container" data-e-type="container">
		<div class="elementor-element elementor-element-5e42b4c e-con-full e-flex e-con e-child" data-id="5e42b4c" data-element_type="container" data-e-type="container" data-settings="{&quot;background_background&quot;:&quot;classic&quot;}">
				<div class="elementor-element elementor-element-5e931d4 elementor-widget elementor-widget-text-editor" data-id="5e931d4" data-element_type="widget" data-e-type="widget" data-widget_type="text-editor.default">
									<p>Beneficiario: ZSL e.V. - Erlangen<br />IBAN: DE64 7635 0000 1061 0249 07<br />Palabra clave de la donación: Förderspende<br />BIC/SWIFT: BYLADEM1ERH<br />Caja de Ahorros de Erlangen</p>								</div>
				</div>
		<div class="elementor-element elementor-element-b569c4b e-con-full e-flex e-con e-child" data-id="b569c4b" data-element_type="container" data-e-type="container">
				</div>
				</div>
				<div class="elementor-element elementor-element-5fd56ca elementor-widget elementor-widget-text-editor" data-id="5fd56ca" data-element_type="widget" data-e-type="widget" data-widget_type="text-editor.default">
									<p>Nota: Estamos autorizados a imponer multas.</p>								</div>
				</div>
				</div>
					</div>
				</div>
				</div>
				</div>

<p>Unterstützen Sie unsere Tätigkeit durch eine Spende! Die Behindertenrechtskonvention hat das Recht von Menschen mit Behinderung auf die gleichen Wahlmöglichkeiten, auf volle Einbeziehung in die Gesellschaft und Teilhabe an der Gemeinschaft festgeschrieben. Dieses Ziel verfolgen wir im Zentrum für Selbstbestimmtes Leben Behinderter (ZSL e.V.) seit unserer Vereinsgründung 1988, indem wir uns für Chancengleichheit, Selbstbestimmung und [&hellip;]</p>
