{"id":5015,"date":"2026-04-29T09:45:24","date_gmt":"2026-04-29T09:45:24","guid":{"rendered":"https:\/\/zsl.webwolfdesign.eu\/?page_id=5015"},"modified":"2026-04-29T09:48:14","modified_gmt":"2026-04-29T09:48:14","slug":"asistencia-para-ofertas-de-empleo","status":"publish","type":"page","link":"https:\/\/zsl-erlangen.de\/es\/asistencia-para-ofertas-de-empleo\/","title":{"rendered":"Stellenangebot &#8211; Assistenz"},"content":{"rendered":"<div data-elementor-type=\"wp-page\" data-elementor-id=\"5015\" class=\"elementor elementor-5015\" data-elementor-post-type=\"page\">\n\t\t\t\t<div class=\"elementor-element elementor-element-5897030 e-con-full e-flex e-con e-parent\" data-id=\"5897030\" data-element_type=\"container\" data-e-type=\"container\" data-settings=\"{&quot;background_background&quot;:&quot;classic&quot;}\">\n\t\t<div class=\"elementor-element elementor-element-e70512f e-flex e-con-boxed e-con e-child\" data-id=\"e70512f\" data-element_type=\"container\" data-e-type=\"container\">\n\t\t\t\t\t<div class=\"e-con-inner\">\n\t\t<div class=\"elementor-element elementor-element-588dc43 e-con-full e-flex e-con e-child\" data-id=\"588dc43\" data-element_type=\"container\" data-e-type=\"container\" data-settings=\"{&quot;background_background&quot;:&quot;classic&quot;}\">\n\t\t\t\t<div class=\"elementor-element elementor-element-677444f elementor-widget elementor-widget-text-editor\" data-id=\"677444f\" data-element_type=\"widget\" data-e-type=\"widget\" data-widget_type=\"text-editor.default\">\n\t\t\t\t\t\t\t\t\t<div class=\"row\"><div class=\"col-12 col-lg-9\"><div class=\"row\"><div class=\"col-12 col-lg-9\"><div class=\"row\"><div class=\"col-12 col-lg-9\"><h2><strong><span style=\"color: #750000;\">Asistente en asistencia personal para personas con discapacidad f\u00edsica<\/span><\/strong><\/h2><\/div><\/div><div class=\"row\"><div class=\"col-12 col-lg-9 unterseitenText\"><p><strong>\u00bfY si tuvieras la oportunidad...<\/strong><\/p><p>... a pesar de trabajar para un servicio de atenci\u00f3n ambulatoria, tener un trabajo asistencial diario menos agitado,<br \/>...apoyar a las personas con discapacidad para que lleven una vida autodeterminada con apoyo individual 1 a 1 diario,<br \/>...tener contacto real con los mismos dos o tres clientes,<br \/>...trabajar en un gran y colorido equipo<br \/>...\u00a1\u00bfy divertirse al mismo tiempo?!<\/p><p>Puede hacerlo con nosotros.<\/p><p>\u00a0Con nosotros apoyas a personas con discapacidad en su vida cotidiana, en el entorno que elijan o en sus actividades de ocio. Haces posible que tus clientes lleven una vida autodeterminada y, al mismo tiempo, desarrollas tus propias habilidades asistenciales.<\/p><p>En general, buscamos apoyo para la zona urbana\u00a0<strong>Erlangen<\/strong>,\u00a0<strong>y sus alrededores.<\/strong><\/p><p>Si estos no coinciden con tu radio, aun as\u00ed esperamos recibir tu solicitud \ud83d\ude42 .<\/p><p>___________________________________________________________________________________<\/p><p><strong>- Vacantes actuales -<\/strong><\/p><p><strong>En Erlangen buscamos:<\/strong><\/p><ul><li>Auxiliares de cuidados, salidas profesionales para el cuidado de un usuario de silla de ruedas<\/li><li>Se valorar\u00e1 el permiso de conducir<\/li><li>Atenci\u00f3n las 24 horas del d\u00eda para servicios diurnos y nocturnos<\/li><\/ul><p>___________________________________________________________________________________<\/p><p><strong>Su \u00e1mbito de actividad incluye todo lo que surge en la vida personal cotidiana.<\/strong><\/p><p><strong>Esto incluye, en particular, las siguientes tareas:<\/strong><\/p><ul><li>Asunci\u00f3n de tareas de cuidados b\u00e1sicos y cuidados de apoyo (y cuidados de tratamiento)<\/li><li>Apoyo para hacer frente a la vida cotidiana<\/li><li>Documentaci\u00f3n de las medidas de atenci\u00f3n<\/li><li>Preparaci\u00f3n de bebidas y comidas, hacerse cargo de las tareas dom\u00e9sticas<\/li><li>Acompa\u00f1amiento y apoyo en actividades fuera del hogar, por ejemplo, visitas a las autoridades, compras, actividades de ocio, visitas al m\u00e9dico, etc.<\/li><\/ul><p><br \/><strong>Trae contigo:<\/strong><\/p><ul><li>Experiencia en enfermer\u00eda o voluntad de adquirirla<\/li><li>Una ventaja, pero no una obligaci\u00f3n: cuidador formado o cualificaci\u00f3n como asistente de cuidados.<\/li><li>Inter\u00e9s por el contacto personal para el \u00e9xito de la participaci\u00f3n, la asistencia personal y los cuidados<\/li><li>Curiosidad y ganas de aprender<\/li><li>Empat\u00eda y amplitud de miras<\/li><li>Personalidad agradable y cuidada<\/li><li>Pensar y actuar con previsi\u00f3n en inter\u00e9s de los clientes\u00a0<\/li><li>Capacidad para trabajar en equipo, comunicaci\u00f3n proactiva entre compa\u00f1eros y con los superiores.<\/li><li>Disponibilidad para trabajar a turnos, incluidos fines de semana, domingos y festivos.\u00a0<\/li><li>Buen conocimiento de la lengua alemana<\/li><\/ul><p><br \/><strong>Ofrecemos:<\/strong><\/p><ul><li>Atractivo salario basado en AVR Diakonie Bayern, plan de pensiones de empresa financiado por el empleador y prestaciones de formaci\u00f3n de capital.<\/li><li>Horario flexible y conciliaci\u00f3n de la vida laboral y familiar<\/li><li>Un trabajo variado y significativo<\/li><li>Familiarizaci\u00f3n y formaci\u00f3n profesional necesaria<\/li><li>Planificaci\u00f3n individual de las vacaciones en equipo<\/li><\/ul><p><br \/><strong>Esperamos recibir su solicitud:<\/strong><\/p><p><strong><a href=\"mailto:bewerbung@zsl-erlangen.de\">bewerbung@zsl-erlangen.de<\/a>\u00a0<\/strong><\/p><p>ZSL e.V. Erlangen<br \/>Luitpoldstr. 42<br \/>91052 Erlangen<\/p><p>Si tiene alguna pregunta, tambi\u00e9n puede ponerse en contacto con nuestra responsable del servicio de enfermer\u00eda, Jutta Becker, en el tel\u00e9fono 09131\/98783-20.<\/p><\/div><\/div><\/div><\/div><div class=\"row\"><div class=\"col-12 col-lg-9 unterseitenText\">\u00a0<\/div><\/div><\/div><\/div>\t\t\t\t\t\t\t\t<\/div>\n\t\t\t\t<\/div>\n\t\t\t\t\t<\/div>\n\t\t\t\t<\/div>\n\t\t\t\t<\/div>\n\t\t\t\t<\/div>","protected":false},"excerpt":{"rendered":"<p>Assistenzkraft in der pers\u00f6nlichen Assistenz von Menschen mit K\u00f6rperbehinderung Was w\u00e4re, wenn Sie die Chance h\u00e4tten\u2026 &#8230; trotz Arbeit bei einem ambulanten Pflegedienst, weniger Hektik im Pflegealltag zu haben,\u2026tagt\u00e4glich Menschen mit Behinderung in individueller 1-zu-1-Begleitung bei einer selbstbestimmten Lebensf\u00fchrung zu unterst\u00fctzen,\u2026echten Kontakt zu den immer selben zwei oder drei Kund*innen zu haben,\u2026in einem tollen und [&hellip;]<\/p>\n","protected":false},"author":1,"featured_media":0,"parent":0,"menu_order":0,"comment_status":"closed","ping_status":"closed","template":"","meta":{"footnotes":""},"class_list":["post-5015","page","type-page","status-publish","hentry"],"_links":{"self":[{"href":"https:\/\/zsl-erlangen.de\/es\/wp-json\/wp\/v2\/pages\/5015","targetHints":{"allow":["GET"]}}],"collection":[{"href":"https:\/\/zsl-erlangen.de\/es\/wp-json\/wp\/v2\/pages"}],"about":[{"href":"https:\/\/zsl-erlangen.de\/es\/wp-json\/wp\/v2\/types\/page"}],"author":[{"embeddable":true,"href":"https:\/\/zsl-erlangen.de\/es\/wp-json\/wp\/v2\/users\/1"}],"replies":[{"embeddable":true,"href":"https:\/\/zsl-erlangen.de\/es\/wp-json\/wp\/v2\/comments?post=5015"}],"version-history":[{"count":4,"href":"https:\/\/zsl-erlangen.de\/es\/wp-json\/wp\/v2\/pages\/5015\/revisions"}],"predecessor-version":[{"id":5019,"href":"https:\/\/zsl-erlangen.de\/es\/wp-json\/wp\/v2\/pages\/5015\/revisions\/5019"}],"wp:attachment":[{"href":"https:\/\/zsl-erlangen.de\/es\/wp-json\/wp\/v2\/media?parent=5015"}],"curies":[{"name":"wp","href":"https:\/\/api.w.org\/{rel}","templated":true}]}}

<div data-elementor-type="wp-page" data-elementor-id="5015" class="elementor elementor-5015" data-elementor-post-type="page">
				<div class="elementor-element elementor-element-5897030 e-con-full e-flex e-con e-parent" data-id="5897030" data-element_type="container" data-e-type="container" data-settings="{&quot;background_background&quot;:&quot;classic&quot;}">
		<div class="elementor-element elementor-element-e70512f e-flex e-con-boxed e-con e-child" data-id="e70512f" data-element_type="container" data-e-type="container">
					<div class="e-con-inner">
		<div class="elementor-element elementor-element-588dc43 e-con-full e-flex e-con e-child" data-id="588dc43" data-element_type="container" data-e-type="container" data-settings="{&quot;background_background&quot;:&quot;classic&quot;}">
				<div class="elementor-element elementor-element-677444f elementor-widget elementor-widget-text-editor" data-id="677444f" data-element_type="widget" data-e-type="widget" data-widget_type="text-editor.default">
									<div class="row"><div class="col-12 col-lg-9"><div class="row"><div class="col-12 col-lg-9"><div class="row"><div class="col-12 col-lg-9"><h2><strong><span style="color: #750000;">Asistente en asistencia personal para personas con discapacidad física</span></strong></h2></div></div><div class="row"><div class="col-12 col-lg-9 unterseitenText"><p><strong>¿Y si tuvieras la oportunidad...</strong></p><p>... a pesar de trabajar para un servicio de atención ambulatoria, tener un trabajo asistencial diario menos agitado,<br />...apoyar a las personas con discapacidad para que lleven una vida autodeterminada con apoyo individual 1 a 1 diario,<br />...tener contacto real con los mismos dos o tres clientes,<br />...trabajar en un gran y colorido equipo<br />...¡¿y divertirse al mismo tiempo?!</p><p>Puede hacerlo con nosotros.</p><p> Con nosotros apoyas a personas con discapacidad en su vida cotidiana, en el entorno que elijan o en sus actividades de ocio. Haces posible que tus clientes lleven una vida autodeterminada y, al mismo tiempo, desarrollas tus propias habilidades asistenciales.</p><p>En general, buscamos apoyo para la zona urbana <strong>Erlangen</strong>, <strong>y sus alrededores.</strong></p><p>Si estos no coinciden con tu radio, aun así esperamos recibir tu solicitud 🙂 .</p><p>___________________________________________________________________________________</p><p><strong>- Vacantes actuales -</strong></p><p><strong>En Erlangen buscamos:</strong></p><ul><li>Auxiliares de cuidados, salidas profesionales para el cuidado de un usuario de silla de ruedas</li><li>Se valorará el permiso de conducir</li><li>Atención las 24 horas del día para servicios diurnos y nocturnos</li></ul><p>___________________________________________________________________________________</p><p><strong>Su ámbito de actividad incluye todo lo que surge en la vida personal cotidiana.</strong></p><p><strong>Esto incluye, en particular, las siguientes tareas:</strong></p><ul><li>Asunción de tareas de cuidados básicos y cuidados de apoyo (y cuidados de tratamiento)</li><li>Apoyo para hacer frente a la vida cotidiana</li><li>Documentación de las medidas de atención</li><li>Preparación de bebidas y comidas, hacerse cargo de las tareas domésticas</li><li>Acompañamiento y apoyo en actividades fuera del hogar, por ejemplo, visitas a las autoridades, compras, actividades de ocio, visitas al médico, etc.</li></ul><p><br /><strong>Trae contigo:</strong></p><ul><li>Experiencia en enfermería o voluntad de adquirirla</li><li>Una ventaja, pero no una obligación: cuidador formado o cualificación como asistente de cuidados.</li><li>Interés por el contacto personal para el éxito de la participación, la asistencia personal y los cuidados</li><li>Curiosidad y ganas de aprender</li><li>Empatía y amplitud de miras</li><li>Personalidad agradable y cuidada</li><li>Pensar y actuar con previsión en interés de los clientes </li><li>Capacidad para trabajar en equipo, comunicación proactiva entre compañeros y con los superiores.</li><li>Disponibilidad para trabajar a turnos, incluidos fines de semana, domingos y festivos. </li><li>Buen conocimiento de la lengua alemana</li></ul><p><br /><strong>Ofrecemos:</strong></p><ul><li>Atractivo salario basado en AVR Diakonie Bayern, plan de pensiones de empresa financiado por el empleador y prestaciones de formación de capital.</li><li>Horario flexible y conciliación de la vida laboral y familiar</li><li>Un trabajo variado y significativo</li><li>Familiarización y formación profesional necesaria</li><li>Planificación individual de las vacaciones en equipo</li></ul><p><br /><strong>Esperamos recibir su solicitud:</strong></p><p><strong><a href="mailto:bewerbung@zsl-erlangen.de">bewerbung@zsl-erlangen.de</a> </strong></p><p>ZSL e.V. Erlangen<br />Luitpoldstr. 42<br />91052 Erlangen</p><p>Si tiene alguna pregunta, también puede ponerse en contacto con nuestra responsable del servicio de enfermería, Jutta Becker, en el teléfono 09131/98783-20.</p></div></div></div></div><div class="row"><div class="col-12 col-lg-9 unterseitenText"> </div></div></div></div>								</div>
				</div>
					</div>
				</div>
				</div>
				</div>

<p>Assistenzkraft in der persönlichen Assistenz von Menschen mit Körperbehinderung Was wäre, wenn Sie die Chance hätten… &#8230; trotz Arbeit bei einem ambulanten Pflegedienst, weniger Hektik im Pflegealltag zu haben,…tagtäglich Menschen mit Behinderung in individueller 1-zu-1-Begleitung bei einer selbstbestimmten Lebensführung zu unterstützen,…echten Kontakt zu den immer selben zwei oder drei Kund*innen zu haben,…in einem tollen und [&hellip;]</p>
