{"id":4872,"date":"2026-04-23T12:23:05","date_gmt":"2026-04-23T12:23:05","guid":{"rendered":"https:\/\/zsl.webwolfdesign.eu\/?post_type=event_listing&#038;p=4872"},"modified":"2026-04-23T12:44:07","modified_gmt":"2026-04-23T12:44:07","slug":"promenade-dans-la-ville-en-fauteuil-roulant-2","status":"publish","type":"event_listing","link":"https:\/\/zsl-erlangen.de\/fr\/%c3%a9v%c3%a8nement\/promenade-dans-la-ville-en-fauteuil-roulant-2\/","title":{"rendered":"-Promenade en fauteuil roulant dans la ville"},"content":{"rendered":"<p>De nombreuses personnes se prom\u00e8nent dans Erlangen.<br>Souvent, ils ne pensent pas au sol, aux marches ou aux trottoirs \u00e9troits.<\/p>\n\n\n\n<p>Pour les personnes en fauteuil roulant, c'est diff\u00e9rent.<br>M\u00eame de courtes distances peuvent \u00eatre fatigantes.<br>Les petits obstacles rendent souvent le chemin difficile.<\/p>\n\n\n\n<p>Lors de notre visite accompagn\u00e9e <strong>promenade urbaine roulante<\/strong> vous pouvez l'essayer vous-m\u00eame.<br>Ils d\u00e9couvrent ce que c'est que de se d\u00e9placer en fauteuil roulant dans la ville.<\/p>\n\n\n\n<p>Nos experts* sont l\u00e0 pour vous aider.<br>Certains d'entre eux utilisent eux-m\u00eames un fauteuil roulant.<br>Ils donnent des conseils et, dans le cadre d'une conversation d\u00e9tendue, parlent de <strong>Accessibilit\u00e9 \u00e0 Erlangen<\/strong>.<\/p>\n\n\n\n<p><strong>La participation est gratuite.<\/strong><\/p>","protected":false},"featured_media":4086,"template":"","meta":[],"event_listing_category":[92],"event_listing_type":[97],"class_list":["post-4872","event_listing","type-event_listing","status-publish","has-post-thumbnail","hentry","event_listing_category-perspektivwechsel","event_listing_type-einfache-sprache"],"_links":{"self":[{"href":"https:\/\/zsl-erlangen.de\/fr\/wp-json\/wp\/v2\/event_listing\/4872","targetHints":{"allow":["GET"]}}],"collection":[{"href":"https:\/\/zsl-erlangen.de\/fr\/wp-json\/wp\/v2\/event_listing"}],"about":[{"href":"https:\/\/zsl-erlangen.de\/fr\/wp-json\/wp\/v2\/types\/event_listing"}],"wp:featuredmedia":[{"embeddable":true,"href":"https:\/\/zsl-erlangen.de\/fr\/wp-json\/wp\/v2\/media\/4086"}],"wp:attachment":[{"href":"https:\/\/zsl-erlangen.de\/fr\/wp-json\/wp\/v2\/media?parent=4872"}],"wp:term":[{"taxonomy":"event_listing_category","embeddable":true,"href":"https:\/\/zsl-erlangen.de\/fr\/wp-json\/wp\/v2\/event_listing_category?post=4872"},{"taxonomy":"event_listing_type","embeddable":true,"href":"https:\/\/zsl-erlangen.de\/fr\/wp-json\/wp\/v2\/event_listing_type?post=4872"}],"curies":[{"name":"wp","href":"https:\/\/api.w.org\/{rel}","templated":true}]}}

<p>De nombreuses personnes se promènent dans Erlangen.<br>Souvent, ils ne pensent pas au sol, aux marches ou aux trottoirs étroits.</p>



<p>Pour les personnes en fauteuil roulant, c'est différent.<br>Même de courtes distances peuvent être fatigantes.<br>Les petits obstacles rendent souvent le chemin difficile.</p>



<p>Lors de notre visite accompagnée <strong>promenade urbaine roulante</strong> vous pouvez l'essayer vous-même.<br>Ils découvrent ce que c'est que de se déplacer en fauteuil roulant dans la ville.</p>



<p>Nos experts* sont là pour vous aider.<br>Certains d'entre eux utilisent eux-mêmes un fauteuil roulant.<br>Ils donnent des conseils et, dans le cadre d'une conversation détendue, parlent de <strong>Accessibilité à Erlangen</strong>.</p>



<p><strong>La participation est gratuite.</strong></p>
