{"id":5032,"date":"2026-04-29T11:14:14","date_gmt":"2026-04-29T11:14:14","guid":{"rendered":"https:\/\/zsl.webwolfdesign.eu\/?post_type=event_listing&#038;p=5032"},"modified":"2026-04-29T11:15:13","modified_gmt":"2026-04-29T11:15:13","slug":"promenade-dans-la-ville-avec-dautres-sens","status":"publish","type":"event_listing","link":"https:\/\/zsl-erlangen.de\/fr\/%c3%a9v%c3%a8nement\/promenade-dans-la-ville-avec-dautres-sens\/","title":{"rendered":"Promenade en ville avec d'autres sens"},"content":{"rendered":"<p>Nombreux sont ceux qui se prom\u00e8nent \u00e0 Erlangen. La plupart des gens se fient en grande partie \u00e0 leurs yeux. Mais que faire lorsque les yeux ne fonctionnent plus aussi bien ou que quelqu'un est compl\u00e8tement aveugle ? Comment les personnes malvoyantes ou aveugles per\u00e7oivent-elles Erlangen ? Quels sont les moyens auxiliaires et les aides n\u00e9cessaires pour se d\u00e9placer de mani\u00e8re autonome dans la ville avec un handicap visuel ? Ina Fischer (elle-m\u00eame aveugle) donne des conseils, fait part de ses exp\u00e9riences et aide \u00e0 surmonter les inhibitions. Tout le monde peut participer \u00e0 la promenade avec un bandeau sur les yeux ou des lunettes de simulation.<br>Le mat\u00e9riel et les accompagnateurs sont fournis.<\/p>\n\n\n\n<p><strong>Participation gratuite<\/strong><\/p>\n\n\n\n<p><\/p>","protected":false},"featured_media":5034,"template":"","meta":[],"event_listing_category":[92],"event_listing_type":[91],"class_list":["post-5032","event_listing","type-event_listing","status-publish","has-post-thumbnail","hentry","event_listing_category-perspektivwechsel","event_listing_type-aktuell"],"_links":{"self":[{"href":"https:\/\/zsl-erlangen.de\/fr\/wp-json\/wp\/v2\/event_listing\/5032","targetHints":{"allow":["GET"]}}],"collection":[{"href":"https:\/\/zsl-erlangen.de\/fr\/wp-json\/wp\/v2\/event_listing"}],"about":[{"href":"https:\/\/zsl-erlangen.de\/fr\/wp-json\/wp\/v2\/types\/event_listing"}],"wp:featuredmedia":[{"embeddable":true,"href":"https:\/\/zsl-erlangen.de\/fr\/wp-json\/wp\/v2\/media\/5034"}],"wp:attachment":[{"href":"https:\/\/zsl-erlangen.de\/fr\/wp-json\/wp\/v2\/media?parent=5032"}],"wp:term":[{"taxonomy":"event_listing_category","embeddable":true,"href":"https:\/\/zsl-erlangen.de\/fr\/wp-json\/wp\/v2\/event_listing_category?post=5032"},{"taxonomy":"event_listing_type","embeddable":true,"href":"https:\/\/zsl-erlangen.de\/fr\/wp-json\/wp\/v2\/event_listing_type?post=5032"}],"curies":[{"name":"wp","href":"https:\/\/api.w.org\/{rel}","templated":true}]}}

<p>Nombreux sont ceux qui se promènent à Erlangen. La plupart des gens se fient en grande partie à leurs yeux. Mais que faire lorsque les yeux ne fonctionnent plus aussi bien ou que quelqu'un est complètement aveugle ? Comment les personnes malvoyantes ou aveugles perçoivent-elles Erlangen ? Quels sont les moyens auxiliaires et les aides nécessaires pour se déplacer de manière autonome dans la ville avec un handicap visuel ? Ina Fischer (elle-même aveugle) donne des conseils, fait part de ses expériences et aide à surmonter les inhibitions. Tout le monde peut participer à la promenade avec un bandeau sur les yeux ou des lunettes de simulation.<br>Le matériel et les accompagnateurs sont fournis.</p>



<p><strong>Participation gratuite</strong></p>



<p></p>
