{"id":1111,"date":"2025-11-23T09:28:10","date_gmt":"2025-11-23T09:28:10","guid":{"rendered":"https:\/\/zsl.webwolfdesign.eu\/?page_id=1111"},"modified":"2026-04-22T21:46:52","modified_gmt":"2026-04-22T21:46:52","slug":"abw-bamberg","status":"publish","type":"page","link":"https:\/\/zsl-erlangen.de\/fr\/abw-bamberg\/","title":{"rendered":"ABW Bamberg - r\u00e9sidences assist\u00e9es"},"content":{"rendered":"<div data-elementor-type=\"wp-page\" data-elementor-id=\"1111\" class=\"elementor elementor-1111\" data-elementor-post-type=\"page\">\n\t\t\t\t<main class=\"elementor-element elementor-element-27bd2df e-con-full e-flex e-con e-parent\" data-id=\"27bd2df\" data-element_type=\"container\" data-e-type=\"container\">\n\t\t<main class=\"elementor-element elementor-element-436aa55 e-con-full e-flex e-con e-child\" data-id=\"436aa55\" data-element_type=\"container\" data-e-type=\"container\" data-settings=\"{&quot;background_background&quot;:&quot;classic&quot;}\">\n\t\t<div class=\"elementor-element elementor-element-3a8144b e-con-full e-flex e-con e-child\" data-id=\"3a8144b\" data-element_type=\"container\" data-e-type=\"container\">\n\t\t<div class=\"elementor-element elementor-element-63babc3 e-con-full e-flex e-con e-child\" data-id=\"63babc3\" data-element_type=\"container\" data-e-type=\"container\" data-settings=\"{&quot;background_background&quot;:&quot;gradient&quot;}\">\n\t\t\t\t<div class=\"elementor-element elementor-element-98e99f8 elementor-widget elementor-widget-heading\" data-id=\"98e99f8\" data-element_type=\"widget\" data-e-type=\"widget\" data-widget_type=\"heading.default\">\n\t\t\t\t\t<h2 class=\"elementor-heading-title elementor-size-default\">Habitation accompagn\u00e9e ambulante - Bamberg<\/h2>\t\t\t\t<\/div>\n\t\t\t\t<div class=\"elementor-element elementor-element-5959c94 elementor-widget elementor-widget-text-editor\" data-id=\"5959c94\" data-element_type=\"widget\" data-e-type=\"widget\" data-widget_type=\"text-editor.default\">\n\t\t\t\t\t\t\t\t\t<p>Pour un Bamberg inclusif - autod\u00e9termin\u00e9 et au c\u0153ur de l'action.<\/p>\t\t\t\t\t\t\t\t<\/div>\n\t\t\t\t<\/div>\n\t\t<div class=\"elementor-element elementor-element-178251a e-con-full e-flex e-con e-child\" data-id=\"178251a\" data-element_type=\"container\" data-e-type=\"container\">\n\t\t\t\t<div class=\"elementor-element elementor-element-f163257 elementor-widget elementor-widget-image\" data-id=\"f163257\" data-element_type=\"widget\" data-e-type=\"widget\" data-widget_type=\"image.default\">\n\t\t\t\t\t\t\t\t\t\t\t\t\t\t\t<img fetchpriority=\"high\" decoding=\"async\" width=\"1500\" height=\"630\" src=\"https:\/\/zsl-erlangen.de\/wp-content\/uploads\/2026\/04\/abw-bamberg.jpg\" class=\"attachment-full size-full wp-image-4147\" alt=\"ambulantes-wohnen-bamberg\" srcset=\"https:\/\/zsl-erlangen.de\/wp-content\/uploads\/2026\/04\/abw-bamberg.jpg 1500w, https:\/\/zsl-erlangen.de\/wp-content\/uploads\/2026\/04\/abw-bamberg-300x126.jpg 300w, https:\/\/zsl-erlangen.de\/wp-content\/uploads\/2026\/04\/abw-bamberg-1024x430.jpg 1024w, https:\/\/zsl-erlangen.de\/wp-content\/uploads\/2026\/04\/abw-bamberg-768x323.jpg 768w, https:\/\/zsl-erlangen.de\/wp-content\/uploads\/2026\/04\/abw-bamberg-18x8.jpg 18w\" sizes=\"(max-width: 1500px) 100vw, 1500px\" \/>\t\t\t\t\t\t\t\t\t\t\t\t\t\t\t<\/div>\n\t\t\t\t<\/div>\n\t\t\t\t<\/div>\n\t\t<div class=\"elementor-element elementor-element-361bf9a e-flex e-con-boxed e-con e-child\" data-id=\"361bf9a\" data-element_type=\"container\" data-e-type=\"container\">\n\t\t\t\t\t<div class=\"e-con-inner\">\n\t\t<div class=\"elementor-element elementor-element-6becc3e e-con-full e-flex e-con e-child\" data-id=\"6becc3e\" data-element_type=\"container\" data-e-type=\"container\">\n\t\t<div class=\"elementor-element elementor-element-c2e8441 e-con-full e-flex e-con e-child\" data-id=\"c2e8441\" data-element_type=\"container\" data-e-type=\"container\" data-settings=\"{&quot;background_background&quot;:&quot;classic&quot;}\">\n\t\t<div class=\"elementor-element elementor-element-019bc4e e-con-full e-flex e-con e-child\" data-id=\"019bc4e\" data-element_type=\"container\" data-e-type=\"container\" data-settings=\"{&quot;background_background&quot;:&quot;classic&quot;}\">\n\t\t<div class=\"elementor-element elementor-element-e21cea4 e-con-full e-flex e-con e-child\" data-id=\"e21cea4\" data-element_type=\"container\" data-e-type=\"container\">\n\t\t\t\t<div class=\"elementor-element elementor-element-189ea9f elementor-widget elementor-widget-heading\" data-id=\"189ea9f\" data-element_type=\"widget\" data-e-type=\"widget\" data-widget_type=\"heading.default\">\n\t\t\t\t\t<h2 class=\"elementor-heading-title elementor-size-default\">\u00c0 propos de nous<\/h2>\t\t\t\t<\/div>\n\t\t\t\t<div class=\"elementor-element elementor-element-b7d92a9 elementor-widget elementor-widget-text-editor\" data-id=\"b7d92a9\" data-element_type=\"widget\" data-e-type=\"widget\" data-widget_type=\"text-editor.default\">\n\t\t\t\t\t\t\t\t\t<p>Le logement accompagn\u00e9 de mani\u00e8re ambulatoire (ABW) aide les personnes handicap\u00e9es \u00e0 vivre de mani\u00e8re aussi ind\u00e9pendante et autonome que possible dans leur propre logement ou dans une communaut\u00e9 d'habitation. Le soutien est convenu individuellement et adapt\u00e9 \u00e0 la situation de vie de chacun.<br \/>Selon vos besoins, nous vous accompagnons de mani\u00e8re flexible - de quelques heures par semaine \u00e0 un soutien plus intensif.\u00a0<\/p>\t\t\t\t\t\t\t\t<\/div>\n\t\t\t\t<\/div>\n\t\t\t\t<\/div>\n\t\t<div class=\"elementor-element elementor-element-7c4e3a1 e-con-full e-flex e-con e-child\" data-id=\"7c4e3a1\" data-element_type=\"container\" data-e-type=\"container\" data-settings=\"{&quot;background_background&quot;:&quot;classic&quot;}\">\n\t\t<div class=\"elementor-element elementor-element-d02ecf4 e-con-full e-flex e-con e-child\" data-id=\"d02ecf4\" data-element_type=\"container\" data-e-type=\"container\" data-settings=\"{&quot;background_background&quot;:&quot;classic&quot;}\">\n\t\t\t\t<div class=\"elementor-element elementor-element-39f4050 elementor-widget elementor-widget-heading\" data-id=\"39f4050\" data-element_type=\"widget\" data-e-type=\"widget\" data-widget_type=\"heading.default\">\n\t\t\t\t\t<h2 class=\"elementor-heading-title elementor-size-default\">Ce que nous offrons :<\/h2>\t\t\t\t<\/div>\n\t\t\t\t<div class=\"elementor-element elementor-element-4e31cd1 elementor-widget elementor-widget-text-editor\" data-id=\"4e31cd1\" data-element_type=\"widget\" data-e-type=\"widget\" data-widget_type=\"text-editor.default\">\n\t\t\t\t\t\t\t\t\t<p class=\"p1\">- Vivre chez soi<\/p><p class=\"p1\">- des aides pratiques pour faire face au quotidien<\/p><p class=\"p1\">- Cr\u00e9ation et maintien de contacts sociaux<\/p><p class=\"p1\">- Intervention en cas de conflit et de crise<\/p><p class=\"p1\">- Soutien dans les d\u00e9marches administratives et m\u00e9dicales<\/p><p class=\"p1\">- Loisirs et participation \u00e0 la vie sociale<\/p>\t\t\t\t\t\t\t\t<\/div>\n\t\t\t\t<\/div>\n\t\t\t\t<\/div>\n\t\t<div class=\"elementor-element elementor-element-f708ab0 e-con-full e-flex e-con e-child\" data-id=\"f708ab0\" data-element_type=\"container\" data-e-type=\"container\" data-settings=\"{&quot;background_background&quot;:&quot;classic&quot;}\">\n\t\t<div class=\"elementor-element elementor-element-b65b321 e-con-full e-flex e-con e-child\" data-id=\"b65b321\" data-element_type=\"container\" data-e-type=\"container\">\n\t\t\t\t<div class=\"elementor-element elementor-element-ed65e95 elementor-widget elementor-widget-heading\" data-id=\"ed65e95\" data-element_type=\"widget\" data-e-type=\"widget\" data-widget_type=\"heading.default\">\n\t\t\t\t\t<h2 class=\"elementor-heading-title elementor-size-default\">Contact<\/h2>\t\t\t\t<\/div>\n\t\t\t\t<div class=\"elementor-element elementor-element-7480195 elementor-widget elementor-widget-text-editor\" data-id=\"7480195\" data-element_type=\"widget\" data-e-type=\"widget\" data-widget_type=\"text-editor.default\">\n\t\t\t\t\t\t\t\t\t<p class=\"p1\">L'ABW fournit ses prestations sur place, \u00e0 Bamberg. Le lien organisationnel est assur\u00e9 par le si\u00e8ge d'Erlangen.<\/p><p class=\"p1\">N'h\u00e9sitez pas \u00e0 nous contacter si vous \u00eates int\u00e9ress\u00e9s ou si vous avez des questions :<\/p><p>Email :\u00a0<a href=\"mailto:briefkasten@zsl-erlangen.de\">briefkasten@zsl-erlangen.de<\/a><\/p><p class=\"p1\">T\u00e9l : 09131 987830<\/p>\t\t\t\t\t\t\t\t<\/div>\n\t\t\t\t<\/div>\n\t\t\t\t<\/div>\n\t\t\t\t<\/div>\n\t\t\t\t<\/div>\n\t\t\t\t\t<\/div>\n\t\t\t\t<\/div>\n\t\t\t\t<\/main>\n\t\t\t\t<\/main>\n\t\t\t\t<\/div>","protected":false},"excerpt":{"rendered":"<p>Ambulant begleitetes Wohnen &#8211; Bamberg F\u00fcr ein inklusives Bamberg \u2013 selbstbestimmt und mittendrin. \u00dcber uns Das Ambulant begleitete Wohnen (ABW) unterst\u00fctzt Menschen mit Behinderung dabei, m\u00f6glichst selbstst\u00e4ndig und selbstbestimmt in der eigenen Wohnung oder einer Wohngemeinschaft zu leben. Die Unterst\u00fctzung wird individuell vereinbart und an die jeweilige Lebenssituation angepasst.Je nach Bedarf begleiten wir Sie flexibel [&hellip;]<\/p>\n","protected":false},"author":5,"featured_media":0,"parent":0,"menu_order":0,"comment_status":"closed","ping_status":"closed","template":"","meta":{"footnotes":""},"class_list":["post-1111","page","type-page","status-publish","hentry"],"_links":{"self":[{"href":"https:\/\/zsl-erlangen.de\/fr\/wp-json\/wp\/v2\/pages\/1111","targetHints":{"allow":["GET"]}}],"collection":[{"href":"https:\/\/zsl-erlangen.de\/fr\/wp-json\/wp\/v2\/pages"}],"about":[{"href":"https:\/\/zsl-erlangen.de\/fr\/wp-json\/wp\/v2\/types\/page"}],"author":[{"embeddable":true,"href":"https:\/\/zsl-erlangen.de\/fr\/wp-json\/wp\/v2\/users\/5"}],"replies":[{"embeddable":true,"href":"https:\/\/zsl-erlangen.de\/fr\/wp-json\/wp\/v2\/comments?post=1111"}],"version-history":[{"count":48,"href":"https:\/\/zsl-erlangen.de\/fr\/wp-json\/wp\/v2\/pages\/1111\/revisions"}],"predecessor-version":[{"id":4726,"href":"https:\/\/zsl-erlangen.de\/fr\/wp-json\/wp\/v2\/pages\/1111\/revisions\/4726"}],"wp:attachment":[{"href":"https:\/\/zsl-erlangen.de\/fr\/wp-json\/wp\/v2\/media?parent=1111"}],"curies":[{"name":"wp","href":"https:\/\/api.w.org\/{rel}","templated":true}]}}

ABW Bamberg - résidences assistées

<div data-elementor-type="wp-page" data-elementor-id="1111" class="elementor elementor-1111" data-elementor-post-type="page">
				<main class="elementor-element elementor-element-27bd2df e-con-full e-flex e-con e-parent" data-id="27bd2df" data-element_type="container" data-e-type="container">
		<main class="elementor-element elementor-element-436aa55 e-con-full e-flex e-con e-child" data-id="436aa55" data-element_type="container" data-e-type="container" data-settings="{&quot;background_background&quot;:&quot;classic&quot;}">
		<div class="elementor-element elementor-element-3a8144b e-con-full e-flex e-con e-child" data-id="3a8144b" data-element_type="container" data-e-type="container">
		<div class="elementor-element elementor-element-63babc3 e-con-full e-flex e-con e-child" data-id="63babc3" data-element_type="container" data-e-type="container" data-settings="{&quot;background_background&quot;:&quot;gradient&quot;}">
				<div class="elementor-element elementor-element-98e99f8 elementor-widget elementor-widget-heading" data-id="98e99f8" data-element_type="widget" data-e-type="widget" data-widget_type="heading.default">
					<h2 class="elementor-heading-title elementor-size-default">Habitation accompagnée ambulante - Bamberg</h2>				</div>
				<div class="elementor-element elementor-element-5959c94 elementor-widget elementor-widget-text-editor" data-id="5959c94" data-element_type="widget" data-e-type="widget" data-widget_type="text-editor.default">
									<p>Pour un Bamberg inclusif - autodéterminé et au cœur de l'action.</p>								</div>
				</div>
		<div class="elementor-element elementor-element-178251a e-con-full e-flex e-con e-child" data-id="178251a" data-element_type="container" data-e-type="container">
				<div class="elementor-element elementor-element-f163257 elementor-widget elementor-widget-image" data-id="f163257" data-element_type="widget" data-e-type="widget" data-widget_type="image.default">
															<img fetchpriority="high" decoding="async" width="1500" height="630" src="https://zsl-erlangen.de/wp-content/uploads/2026/04/abw-bamberg.jpg" class="attachment-full size-full wp-image-4147" alt="ambulantes-wohnen-bamberg" srcset="https://zsl-erlangen.de/wp-content/uploads/2026/04/abw-bamberg.jpg 1500w, https://zsl-erlangen.de/wp-content/uploads/2026/04/abw-bamberg-300x126.jpg 300w, https://zsl-erlangen.de/wp-content/uploads/2026/04/abw-bamberg-1024x430.jpg 1024w, https://zsl-erlangen.de/wp-content/uploads/2026/04/abw-bamberg-768x323.jpg 768w, https://zsl-erlangen.de/wp-content/uploads/2026/04/abw-bamberg-18x8.jpg 18w" sizes="(max-width: 1500px) 100vw, 1500px" />															</div>
				</div>
				</div>
		<div class="elementor-element elementor-element-361bf9a e-flex e-con-boxed e-con e-child" data-id="361bf9a" data-element_type="container" data-e-type="container">
					<div class="e-con-inner">
		<div class="elementor-element elementor-element-6becc3e e-con-full e-flex e-con e-child" data-id="6becc3e" data-element_type="container" data-e-type="container">
		<div class="elementor-element elementor-element-c2e8441 e-con-full e-flex e-con e-child" data-id="c2e8441" data-element_type="container" data-e-type="container" data-settings="{&quot;background_background&quot;:&quot;classic&quot;}">
		<div class="elementor-element elementor-element-019bc4e e-con-full e-flex e-con e-child" data-id="019bc4e" data-element_type="container" data-e-type="container" data-settings="{&quot;background_background&quot;:&quot;classic&quot;}">
		<div class="elementor-element elementor-element-e21cea4 e-con-full e-flex e-con e-child" data-id="e21cea4" data-element_type="container" data-e-type="container">
				<div class="elementor-element elementor-element-189ea9f elementor-widget elementor-widget-heading" data-id="189ea9f" data-element_type="widget" data-e-type="widget" data-widget_type="heading.default">
					<h2 class="elementor-heading-title elementor-size-default">À propos de nous</h2>				</div>
				<div class="elementor-element elementor-element-b7d92a9 elementor-widget elementor-widget-text-editor" data-id="b7d92a9" data-element_type="widget" data-e-type="widget" data-widget_type="text-editor.default">
									<p>Le logement accompagné de manière ambulatoire (ABW) aide les personnes handicapées à vivre de manière aussi indépendante et autonome que possible dans leur propre logement ou dans une communauté d'habitation. Le soutien est convenu individuellement et adapté à la situation de vie de chacun.<br />Selon vos besoins, nous vous accompagnons de manière flexible - de quelques heures par semaine à un soutien plus intensif. </p>								</div>
				</div>
				</div>
		<div class="elementor-element elementor-element-7c4e3a1 e-con-full e-flex e-con e-child" data-id="7c4e3a1" data-element_type="container" data-e-type="container" data-settings="{&quot;background_background&quot;:&quot;classic&quot;}">
		<div class="elementor-element elementor-element-d02ecf4 e-con-full e-flex e-con e-child" data-id="d02ecf4" data-element_type="container" data-e-type="container" data-settings="{&quot;background_background&quot;:&quot;classic&quot;}">
				<div class="elementor-element elementor-element-39f4050 elementor-widget elementor-widget-heading" data-id="39f4050" data-element_type="widget" data-e-type="widget" data-widget_type="heading.default">
					<h2 class="elementor-heading-title elementor-size-default">Ce que nous offrons :</h2>				</div>
				<div class="elementor-element elementor-element-4e31cd1 elementor-widget elementor-widget-text-editor" data-id="4e31cd1" data-element_type="widget" data-e-type="widget" data-widget_type="text-editor.default">
									<p class="p1">- Vivre chez soi</p><p class="p1">- des aides pratiques pour faire face au quotidien</p><p class="p1">- Création et maintien de contacts sociaux</p><p class="p1">- Intervention en cas de conflit et de crise</p><p class="p1">- Soutien dans les démarches administratives et médicales</p><p class="p1">- Loisirs et participation à la vie sociale</p>								</div>
				</div>
				</div>
		<div class="elementor-element elementor-element-f708ab0 e-con-full e-flex e-con e-child" data-id="f708ab0" data-element_type="container" data-e-type="container" data-settings="{&quot;background_background&quot;:&quot;classic&quot;}">
		<div class="elementor-element elementor-element-b65b321 e-con-full e-flex e-con e-child" data-id="b65b321" data-element_type="container" data-e-type="container">
				<div class="elementor-element elementor-element-ed65e95 elementor-widget elementor-widget-heading" data-id="ed65e95" data-element_type="widget" data-e-type="widget" data-widget_type="heading.default">
					<h2 class="elementor-heading-title elementor-size-default">Contact</h2>				</div>
				<div class="elementor-element elementor-element-7480195 elementor-widget elementor-widget-text-editor" data-id="7480195" data-element_type="widget" data-e-type="widget" data-widget_type="text-editor.default">
									<p class="p1">L'ABW fournit ses prestations sur place, à Bamberg. Le lien organisationnel est assuré par le siège d'Erlangen.</p><p class="p1">N'hésitez pas à nous contacter si vous êtes intéressés ou si vous avez des questions :</p><p>Email : <a href="mailto:briefkasten@zsl-erlangen.de">briefkasten@zsl-erlangen.de</a></p><p class="p1">Tél : 09131 987830</p>								</div>
				</div>
				</div>
				</div>
				</div>
					</div>
				</div>
				</main>
				</main>
				</div>

<p>Ambulant begleitetes Wohnen &#8211; Bamberg Für ein inklusives Bamberg – selbstbestimmt und mittendrin. Über uns Das Ambulant begleitete Wohnen (ABW) unterstützt Menschen mit Behinderung dabei, möglichst selbstständig und selbstbestimmt in der eigenen Wohnung oder einer Wohngemeinschaft zu leben. Die Unterstützung wird individuell vereinbart und an die jeweilige Lebenssituation angepasst.Je nach Bedarf begleiten wir Sie flexibel [&hellip;]</p>
