{"id":2715,"date":"2026-01-25T10:12:07","date_gmt":"2026-01-25T10:12:07","guid":{"rendered":"https:\/\/zsl.webwolfdesign.eu\/?page_id=2715"},"modified":"2026-04-23T11:06:44","modified_gmt":"2026-04-23T11:06:44","slug":"respiration-de-la-grenouille","status":"publish","type":"page","link":"https:\/\/zsl-erlangen.de\/fr\/respiration-de-la-grenouille\/","title":{"rendered":"Respiration de la grenouille"},"content":{"rendered":"<div data-elementor-type=\"wp-page\" data-elementor-id=\"2715\" class=\"elementor elementor-2715\" data-elementor-post-type=\"page\">\n\t\t\t\t<main class=\"elementor-element elementor-element-4b1e20d e-con-full e-flex e-con e-parent\" data-id=\"4b1e20d\" data-element_type=\"container\" data-e-type=\"container\">\n\t\t<main class=\"elementor-element elementor-element-972cc32 e-con-full e-flex e-con e-child\" data-id=\"972cc32\" data-element_type=\"container\" data-e-type=\"container\" data-settings=\"{&quot;background_background&quot;:&quot;classic&quot;}\">\n\t\t<div class=\"elementor-element elementor-element-fa27d62 e-con-full e-flex e-con e-child\" data-id=\"fa27d62\" data-element_type=\"container\" data-e-type=\"container\">\n\t\t<div class=\"elementor-element elementor-element-b088417 e-con-full e-flex e-con e-child\" data-id=\"b088417\" data-element_type=\"container\" data-e-type=\"container\" data-settings=\"{&quot;background_background&quot;:&quot;gradient&quot;}\">\n\t\t\t\t<div class=\"elementor-element elementor-element-613c536 elementor-widget elementor-widget-text-editor\" data-id=\"613c536\" data-element_type=\"widget\" data-e-type=\"widget\" data-widget_type=\"text-editor.default\">\n\t\t\t\t\t\t\t\t\t<p>Projet 2011 - 2013<\/p>\t\t\t\t\t\t\t\t<\/div>\n\t\t\t\t<div class=\"elementor-element elementor-element-fefd9f5 elementor-widget elementor-widget-heading\" data-id=\"fefd9f5\" data-element_type=\"widget\" data-e-type=\"widget\" data-widget_type=\"heading.default\">\n\t\t\t\t\t<h2 class=\"elementor-heading-title elementor-size-default\">Respiration de la grenouille<\/h2>\t\t\t\t<\/div>\n\t\t\t\t<div class=\"elementor-element elementor-element-8b224a2 elementor-widget elementor-widget-text-editor\" data-id=\"8b224a2\" data-element_type=\"widget\" data-e-type=\"widget\" data-widget_type=\"text-editor.default\">\n\t\t\t\t\t\t\t\t\t<p>Formation et conseil<\/p>\t\t\t\t\t\t\t\t<\/div>\n\t\t\t\t<\/div>\n\t\t<div class=\"elementor-element elementor-element-5eb4ea2 e-con-full e-flex e-con e-child\" data-id=\"5eb4ea2\" data-element_type=\"container\" data-e-type=\"container\">\n\t\t\t\t<div class=\"elementor-element elementor-element-999af67 elementor-widget elementor-widget-image\" data-id=\"999af67\" data-element_type=\"widget\" data-e-type=\"widget\" data-widget_type=\"image.default\">\n\t\t\t\t\t\t\t\t\t\t\t\t\t\t\t<img fetchpriority=\"high\" decoding=\"async\" width=\"1500\" height=\"630\" src=\"https:\/\/zsl-erlangen.de\/wp-content\/uploads\/2026\/01\/projekt-froschatmung.jpg\" class=\"attachment-full size-full wp-image-2792\" alt=\"Respiration de la grenouille du projet\" srcset=\"https:\/\/zsl-erlangen.de\/wp-content\/uploads\/2026\/01\/projekt-froschatmung.jpg 1500w, https:\/\/zsl-erlangen.de\/wp-content\/uploads\/2026\/01\/projekt-froschatmung-300x126.jpg 300w, https:\/\/zsl-erlangen.de\/wp-content\/uploads\/2026\/01\/projekt-froschatmung-1024x430.jpg 1024w, https:\/\/zsl-erlangen.de\/wp-content\/uploads\/2026\/01\/projekt-froschatmung-768x323.jpg 768w\" sizes=\"(max-width: 1500px) 100vw, 1500px\" \/>\t\t\t\t\t\t\t\t\t\t\t\t\t\t\t<\/div>\n\t\t\t\t<\/div>\n\t\t\t\t<\/div>\n\t\t<div class=\"elementor-element elementor-element-7081f62 e-flex e-con-boxed e-con e-child\" data-id=\"7081f62\" data-element_type=\"container\" data-e-type=\"container\">\n\t\t\t\t\t<div class=\"e-con-inner\">\n\t\t<div class=\"elementor-element elementor-element-2bf6269 e-con-full e-flex e-con e-child\" data-id=\"2bf6269\" data-element_type=\"container\" data-e-type=\"container\" data-settings=\"{&quot;background_background&quot;:&quot;classic&quot;}\">\n\t\t<div class=\"elementor-element elementor-element-111738b e-con-full e-flex e-con e-child\" data-id=\"111738b\" data-element_type=\"container\" data-e-type=\"container\" data-settings=\"{&quot;background_background&quot;:&quot;classic&quot;}\">\n\t\t<div class=\"elementor-element elementor-element-4bdf94c e-con-full e-flex e-con e-child\" data-id=\"4bdf94c\" data-element_type=\"container\" data-e-type=\"container\" data-settings=\"{&quot;background_background&quot;:&quot;classic&quot;}\">\n\t\t<div class=\"elementor-element elementor-element-5c87614 e-con-full e-flex e-con e-child\" data-id=\"5c87614\" data-element_type=\"container\" data-e-type=\"container\" data-settings=\"{&quot;background_background&quot;:&quot;classic&quot;}\">\n\t\t\t\t<div class=\"elementor-element elementor-element-046f3a2 elementor-widget elementor-widget-heading\" data-id=\"046f3a2\" data-element_type=\"widget\" data-e-type=\"widget\" data-widget_type=\"heading.default\">\n\t\t\t\t\t<h2 class=\"elementor-heading-title elementor-size-default\">Le projet \"Respiration de la grenouille - formations et conseils\".\"<\/h2>\t\t\t\t<\/div>\n\t\t\t\t<div class=\"elementor-element elementor-element-da48079 elementor-widget elementor-widget-text-editor\" data-id=\"da48079\" data-element_type=\"widget\" data-e-type=\"widget\" data-widget_type=\"text-editor.default\">\n\t\t\t\t\t\t\t\t\t<p>La respiration de la grenouille est une technique qui permet d'avaler de l'air dans les poumons \u00e0 l'aide des muscles de la bouche et du pharynx. Pour bien utiliser cette technique, il faut l'enseigner et la pratiquer. Dans le cadre du projet, des formations ont \u00e9t\u00e9 propos\u00e9es dans toute l'Allemagne, ce qui a permis de faire conna\u00eetre la respiration de la grenouille \u00e0 grande \u00e9chelle en Allemagne.<\/p><p>Les groupes cibles \u00e9taient et sont toujours les personnes handicap\u00e9es physiques qui d\u00e9pendent de la ventilation m\u00e9canique, mais les physioth\u00e9rapeutes, les inhaloth\u00e9rapeutes, les orthophonistes et les membres d'autres professions m\u00e9dicales devraient \u00e9galement \u00eatre interpell\u00e9s.<\/p><p>La respiration de grenouille permet aux personnes sous respiration artificielle de d\u00e9couvrir que leur vie peut ne pas \u00eatre totalement d\u00e9pendante des respirateurs, mais que la respiration de grenouille permet de couvrir des p\u00e9riodes plus ou moins longues.<\/p><p>Nous continuons \u00e0 proposer des ateliers et des formations sur la respiration glossopharyng\u00e9e (grenouille).<\/p><p>Article dans Gepflegt Durchatmen, octobre 2019 par Marcel Renz :\u00a0<br \/><a title=\"Respiration de grenouille et apn\u00e9e\" href=\"https:\/\/zsl-erlangen.de\/fr\/fileadmin\/admin\/Redaktion\/OBA\/PDF\/Froschatmung_und_Freitauchen.pdf\/\" target=\"_blank\" rel=\"noopener\">Respiration de la grenouille et plong\u00e9e en apn\u00e9e - un duo de g\u00e9nie\u00a0<i class=\"fa fa-forward\"><\/i><\/a><\/p>\t\t\t\t\t\t\t\t<\/div>\n\t\t\t\t<div class=\"elementor-element elementor-element-875ab55 elementor-widget elementor-widget-video\" data-id=\"875ab55\" data-element_type=\"widget\" data-e-type=\"widget\" data-settings=\"{&quot;youtube_url&quot;:&quot;https:\\\/\\\/youtu.be\\\/WIaR4p2NPkE?si=-ns0C7mEmBdUKGjM&quot;,&quot;video_type&quot;:&quot;youtube&quot;,&quot;controls&quot;:&quot;yes&quot;}\" data-widget_type=\"video.default\">\n\t\t\t\t\t\t\t<div class=\"elementor-wrapper elementor-open-inline\">\n\t\t\t<div class=\"elementor-video\"><\/div>\t\t<\/div>\n\t\t\t\t\t\t<\/div>\n\t\t\t\t<\/div>\n\t\t\t\t<\/div>\n\t\t\t\t<\/div>\n\t\t\t\t<\/div>\n\t\t\t\t\t<\/div>\n\t\t\t\t<\/div>\n\t\t\t\t<\/main>\n\t\t\t\t<\/main>\n\t\t\t\t<\/div>","protected":false},"excerpt":{"rendered":"<p>Projekt 2011 &#8211; 2013 Froschatmung Schulungen und Beratung Das Projekt &#8222;Froschatmung &#8211; Schulungen und Beratung&#8220; Die Froschatmung ist eine Technik, mit der man mit Hilfe der Mund-Rachen-Muskulatur Luft in die Lunge schlucken kann. Damit man die Technik gut anwenden kann, muss sie gelehrt und ge\u00fcbt werden. Im Projekt wurden bundesweit Schulungen angeboten, dadurch konnte die [&hellip;]<\/p>\n","protected":false},"author":1,"featured_media":0,"parent":0,"menu_order":0,"comment_status":"closed","ping_status":"closed","template":"","meta":{"footnotes":""},"class_list":["post-2715","page","type-page","status-publish","hentry"],"_links":{"self":[{"href":"https:\/\/zsl-erlangen.de\/fr\/wp-json\/wp\/v2\/pages\/2715","targetHints":{"allow":["GET"]}}],"collection":[{"href":"https:\/\/zsl-erlangen.de\/fr\/wp-json\/wp\/v2\/pages"}],"about":[{"href":"https:\/\/zsl-erlangen.de\/fr\/wp-json\/wp\/v2\/types\/page"}],"author":[{"embeddable":true,"href":"https:\/\/zsl-erlangen.de\/fr\/wp-json\/wp\/v2\/users\/1"}],"replies":[{"embeddable":true,"href":"https:\/\/zsl-erlangen.de\/fr\/wp-json\/wp\/v2\/comments?post=2715"}],"version-history":[{"count":16,"href":"https:\/\/zsl-erlangen.de\/fr\/wp-json\/wp\/v2\/pages\/2715\/revisions"}],"predecessor-version":[{"id":4768,"href":"https:\/\/zsl-erlangen.de\/fr\/wp-json\/wp\/v2\/pages\/2715\/revisions\/4768"}],"wp:attachment":[{"href":"https:\/\/zsl-erlangen.de\/fr\/wp-json\/wp\/v2\/media?parent=2715"}],"curies":[{"name":"wp","href":"https:\/\/api.w.org\/{rel}","templated":true}]}}

<div data-elementor-type="wp-page" data-elementor-id="2715" class="elementor elementor-2715" data-elementor-post-type="page">
				<main class="elementor-element elementor-element-4b1e20d e-con-full e-flex e-con e-parent" data-id="4b1e20d" data-element_type="container" data-e-type="container">
		<main class="elementor-element elementor-element-972cc32 e-con-full e-flex e-con e-child" data-id="972cc32" data-element_type="container" data-e-type="container" data-settings="{&quot;background_background&quot;:&quot;classic&quot;}">
		<div class="elementor-element elementor-element-fa27d62 e-con-full e-flex e-con e-child" data-id="fa27d62" data-element_type="container" data-e-type="container">
		<div class="elementor-element elementor-element-b088417 e-con-full e-flex e-con e-child" data-id="b088417" data-element_type="container" data-e-type="container" data-settings="{&quot;background_background&quot;:&quot;gradient&quot;}">
				<div class="elementor-element elementor-element-613c536 elementor-widget elementor-widget-text-editor" data-id="613c536" data-element_type="widget" data-e-type="widget" data-widget_type="text-editor.default">
									<p>Projet 2011 - 2013</p>								</div>
				<div class="elementor-element elementor-element-fefd9f5 elementor-widget elementor-widget-heading" data-id="fefd9f5" data-element_type="widget" data-e-type="widget" data-widget_type="heading.default">
					<h2 class="elementor-heading-title elementor-size-default">Respiration de la grenouille</h2>				</div>
				<div class="elementor-element elementor-element-8b224a2 elementor-widget elementor-widget-text-editor" data-id="8b224a2" data-element_type="widget" data-e-type="widget" data-widget_type="text-editor.default">
									<p>Formation et conseil</p>								</div>
				</div>
		<div class="elementor-element elementor-element-5eb4ea2 e-con-full e-flex e-con e-child" data-id="5eb4ea2" data-element_type="container" data-e-type="container">
				<div class="elementor-element elementor-element-999af67 elementor-widget elementor-widget-image" data-id="999af67" data-element_type="widget" data-e-type="widget" data-widget_type="image.default">
															<img fetchpriority="high" decoding="async" width="1500" height="630" src="https://zsl-erlangen.de/wp-content/uploads/2026/01/projekt-froschatmung.jpg" class="attachment-full size-full wp-image-2792" alt="Respiration de la grenouille du projet" srcset="https://zsl-erlangen.de/wp-content/uploads/2026/01/projekt-froschatmung.jpg 1500w, https://zsl-erlangen.de/wp-content/uploads/2026/01/projekt-froschatmung-300x126.jpg 300w, https://zsl-erlangen.de/wp-content/uploads/2026/01/projekt-froschatmung-1024x430.jpg 1024w, https://zsl-erlangen.de/wp-content/uploads/2026/01/projekt-froschatmung-768x323.jpg 768w" sizes="(max-width: 1500px) 100vw, 1500px" />															</div>
				</div>
				</div>
		<div class="elementor-element elementor-element-7081f62 e-flex e-con-boxed e-con e-child" data-id="7081f62" data-element_type="container" data-e-type="container">
					<div class="e-con-inner">
		<div class="elementor-element elementor-element-2bf6269 e-con-full e-flex e-con e-child" data-id="2bf6269" data-element_type="container" data-e-type="container" data-settings="{&quot;background_background&quot;:&quot;classic&quot;}">
		<div class="elementor-element elementor-element-111738b e-con-full e-flex e-con e-child" data-id="111738b" data-element_type="container" data-e-type="container" data-settings="{&quot;background_background&quot;:&quot;classic&quot;}">
		<div class="elementor-element elementor-element-4bdf94c e-con-full e-flex e-con e-child" data-id="4bdf94c" data-element_type="container" data-e-type="container" data-settings="{&quot;background_background&quot;:&quot;classic&quot;}">
		<div class="elementor-element elementor-element-5c87614 e-con-full e-flex e-con e-child" data-id="5c87614" data-element_type="container" data-e-type="container" data-settings="{&quot;background_background&quot;:&quot;classic&quot;}">
				<div class="elementor-element elementor-element-046f3a2 elementor-widget elementor-widget-heading" data-id="046f3a2" data-element_type="widget" data-e-type="widget" data-widget_type="heading.default">
					<h2 class="elementor-heading-title elementor-size-default">Le projet "Respiration de la grenouille - formations et conseils"."</h2>				</div>
				<div class="elementor-element elementor-element-da48079 elementor-widget elementor-widget-text-editor" data-id="da48079" data-element_type="widget" data-e-type="widget" data-widget_type="text-editor.default">
									<p>La respiration de la grenouille est une technique qui permet d'avaler de l'air dans les poumons à l'aide des muscles de la bouche et du pharynx. Pour bien utiliser cette technique, il faut l'enseigner et la pratiquer. Dans le cadre du projet, des formations ont été proposées dans toute l'Allemagne, ce qui a permis de faire connaître la respiration de la grenouille à grande échelle en Allemagne.</p><p>Les groupes cibles étaient et sont toujours les personnes handicapées physiques qui dépendent de la ventilation mécanique, mais les physiothérapeutes, les inhalothérapeutes, les orthophonistes et les membres d'autres professions médicales devraient également être interpellés.</p><p>La respiration de grenouille permet aux personnes sous respiration artificielle de découvrir que leur vie peut ne pas être totalement dépendante des respirateurs, mais que la respiration de grenouille permet de couvrir des périodes plus ou moins longues.</p><p>Nous continuons à proposer des ateliers et des formations sur la respiration glossopharyngée (grenouille).</p><p>Article dans Gepflegt Durchatmen, octobre 2019 par Marcel Renz : <br /><a title="Respiration de grenouille et apnée" href="https://zsl-erlangen.de/fr/fileadmin/admin/Redaktion/OBA/PDF/Froschatmung_und_Freitauchen.pdf/" target="_blank" rel="noopener">Respiration de la grenouille et plongée en apnée - un duo de génie <i class="fa fa-forward"></i></a></p>								</div>
				<div class="elementor-element elementor-element-875ab55 elementor-widget elementor-widget-video" data-id="875ab55" data-element_type="widget" data-e-type="widget" data-settings="{&quot;youtube_url&quot;:&quot;https:\/\/youtu.be\/WIaR4p2NPkE?si=-ns0C7mEmBdUKGjM&quot;,&quot;video_type&quot;:&quot;youtube&quot;,&quot;controls&quot;:&quot;yes&quot;}" data-widget_type="video.default">
							<div class="elementor-wrapper elementor-open-inline">
			<div class="elementor-video"></div>		</div>
						</div>
				</div>
				</div>
				</div>
				</div>
					</div>
				</div>
				</main>
				</main>
				</div>

<p>Projekt 2011 &#8211; 2013 Froschatmung Schulungen und Beratung Das Projekt &#8222;Froschatmung &#8211; Schulungen und Beratung&#8220; Die Froschatmung ist eine Technik, mit der man mit Hilfe der Mund-Rachen-Muskulatur Luft in die Lunge schlucken kann. Damit man die Technik gut anwenden kann, muss sie gelehrt und geübt werden. Im Projekt wurden bundesweit Schulungen angeboten, dadurch konnte die [&hellip;]</p>
