{"id":2743,"date":"2026-01-25T10:57:59","date_gmt":"2026-01-25T10:57:59","guid":{"rendered":"https:\/\/zsl.webwolfdesign.eu\/?page_id=2743"},"modified":"2026-04-23T11:23:07","modified_gmt":"2026-04-23T11:23:07","slug":"budget-personnel","status":"publish","type":"page","link":"https:\/\/zsl-erlangen.de\/fr\/budget-personnel\/","title":{"rendered":"Budget personnel"},"content":{"rendered":"<div data-elementor-type=\"wp-page\" data-elementor-id=\"2743\" class=\"elementor elementor-2743\" data-elementor-post-type=\"page\">\n\t\t\t\t<main class=\"elementor-element elementor-element-b4af965 e-con-full e-flex e-con e-parent\" data-id=\"b4af965\" data-element_type=\"container\" data-e-type=\"container\">\n\t\t<main class=\"elementor-element elementor-element-4336cf9 e-con-full e-flex e-con e-child\" data-id=\"4336cf9\" data-element_type=\"container\" data-e-type=\"container\" data-settings=\"{&quot;background_background&quot;:&quot;classic&quot;}\">\n\t\t<div class=\"elementor-element elementor-element-d135b47 e-con-full e-flex e-con e-child\" data-id=\"d135b47\" data-element_type=\"container\" data-e-type=\"container\">\n\t\t<div class=\"elementor-element elementor-element-57d33c2 e-con-full e-flex e-con e-child\" data-id=\"57d33c2\" data-element_type=\"container\" data-e-type=\"container\" data-settings=\"{&quot;background_background&quot;:&quot;gradient&quot;}\">\n\t\t\t\t<div class=\"elementor-element elementor-element-f35b21a elementor-widget elementor-widget-text-editor\" data-id=\"f35b21a\" data-element_type=\"widget\" data-e-type=\"widget\" data-widget_type=\"text-editor.default\">\n\t\t\t\t\t\t\t\t\t<p>Projet 2006 - 2010<\/p>\t\t\t\t\t\t\t\t<\/div>\n\t\t\t\t<div class=\"elementor-element elementor-element-98270ff elementor-widget elementor-widget-heading\" data-id=\"98270ff\" data-element_type=\"widget\" data-e-type=\"widget\" data-widget_type=\"heading.default\">\n\t\t\t\t\t<h2 class=\"elementor-heading-title elementor-size-default\">Budget personnel<\/h2>\t\t\t\t<\/div>\n\t\t\t\t<div class=\"elementor-element elementor-element-bbf5a33 elementor-widget elementor-widget-text-editor\" data-id=\"bbf5a33\" data-element_type=\"widget\" data-e-type=\"widget\" data-widget_type=\"text-editor.default\">\n\t\t\t\t\t\t\t\t\t<p>Acheter des prestations de mani\u00e8re flexible<\/p>\t\t\t\t\t\t\t\t<\/div>\n\t\t\t\t<\/div>\n\t\t<div class=\"elementor-element elementor-element-107b111 e-con-full e-flex e-con e-child\" data-id=\"107b111\" data-element_type=\"container\" data-e-type=\"container\">\n\t\t\t\t<div class=\"elementor-element elementor-element-cd8fc51 elementor-widget elementor-widget-image\" data-id=\"cd8fc51\" data-element_type=\"widget\" data-e-type=\"widget\" data-widget_type=\"image.default\">\n\t\t\t\t\t\t\t\t\t\t\t\t\t\t\t<img fetchpriority=\"high\" decoding=\"async\" width=\"1500\" height=\"630\" src=\"https:\/\/zsl-erlangen.de\/wp-content\/uploads\/2026\/01\/persoenliches-budget.jpg\" class=\"attachment-full size-full wp-image-2746\" alt=\"conseil-sur-le-th\u00e8me-du-budget-personnel\" srcset=\"https:\/\/zsl-erlangen.de\/wp-content\/uploads\/2026\/01\/persoenliches-budget.jpg 1500w, https:\/\/zsl-erlangen.de\/wp-content\/uploads\/2026\/01\/persoenliches-budget-300x126.jpg 300w, https:\/\/zsl-erlangen.de\/wp-content\/uploads\/2026\/01\/persoenliches-budget-1024x430.jpg 1024w, https:\/\/zsl-erlangen.de\/wp-content\/uploads\/2026\/01\/persoenliches-budget-768x323.jpg 768w\" sizes=\"(max-width: 1500px) 100vw, 1500px\" \/>\t\t\t\t\t\t\t\t\t\t\t\t\t\t\t<\/div>\n\t\t\t\t<\/div>\n\t\t\t\t<\/div>\n\t\t<div class=\"elementor-element elementor-element-8cd503a e-flex e-con-boxed e-con e-child\" data-id=\"8cd503a\" data-element_type=\"container\" data-e-type=\"container\">\n\t\t\t\t\t<div class=\"e-con-inner\">\n\t\t<div class=\"elementor-element elementor-element-8c31269 e-con-full e-flex e-con e-child\" data-id=\"8c31269\" data-element_type=\"container\" data-e-type=\"container\" data-settings=\"{&quot;background_background&quot;:&quot;classic&quot;}\">\n\t\t<div class=\"elementor-element elementor-element-5e6e393 e-con-full e-flex e-con e-child\" data-id=\"5e6e393\" data-element_type=\"container\" data-e-type=\"container\" data-settings=\"{&quot;background_background&quot;:&quot;classic&quot;}\">\n\t\t<div class=\"elementor-element elementor-element-c800f68 e-con-full e-flex e-con e-child\" data-id=\"c800f68\" data-element_type=\"container\" data-e-type=\"container\" data-settings=\"{&quot;background_background&quot;:&quot;classic&quot;}\">\n\t\t<div class=\"elementor-element elementor-element-6615f80 e-con-full e-flex e-con e-child\" data-id=\"6615f80\" data-element_type=\"container\" data-e-type=\"container\" data-settings=\"{&quot;background_background&quot;:&quot;classic&quot;}\">\n\t\t\t\t<div class=\"elementor-element elementor-element-c594625 elementor-widget elementor-widget-heading\" data-id=\"c594625\" data-element_type=\"widget\" data-e-type=\"widget\" data-widget_type=\"heading.default\">\n\t\t\t\t\t<h2 class=\"elementor-heading-title elementor-size-default\">Le projet \"Integration jetzt ! Vivre de mani\u00e8re autonome avec un budget personnel\"<\/h2>\t\t\t\t<\/div>\n\t\t\t\t<div class=\"elementor-element elementor-element-9c15a88 elementor-widget elementor-widget-text-editor\" data-id=\"9c15a88\" data-element_type=\"widget\" data-e-type=\"widget\" data-widget_type=\"text-editor.default\">\n\t\t\t\t\t\t\t\t\t<p>L'objectif du projet \u00e9tait de mettre en place une offre de conseil r\u00e9gionale et ind\u00e9pendante sur le budget personnel pour les b\u00e9n\u00e9ficiaires et les personnes int\u00e9ress\u00e9es par le budget. Les clients ont \u00e9t\u00e9 aid\u00e9s \u00e0 faire valoir leurs int\u00e9r\u00eats aupr\u00e8s des organismes payeurs et des services. Une autre priorit\u00e9 du projet \u00e9tait de sensibiliser les d\u00e9cideurs politiques.<\/p><p>Le service de consultation a pu s'\u00e9tablir avec succ\u00e8s comme point de contact pour les personnes handicap\u00e9es, leurs proches, les organismes payeurs et les prestataires de services, ainsi que pour d'autres services de consultation.<\/p>\t\t\t\t\t\t\t\t<\/div>\n\t\t\t\t<div class=\"elementor-element elementor-element-e1c4dbf elementor-widget elementor-widget-heading\" data-id=\"e1c4dbf\" data-element_type=\"widget\" data-e-type=\"widget\" data-widget_type=\"heading.default\">\n\t\t\t\t\t<h2 class=\"elementor-heading-title elementor-size-default\">Le budget personnel en bref<\/h2>\t\t\t\t<\/div>\n\t\t\t\t<div class=\"elementor-element elementor-element-813fb7b elementor-widget elementor-widget-text-editor\" data-id=\"813fb7b\" data-element_type=\"widget\" data-e-type=\"widget\" data-widget_type=\"text-editor.default\">\n\t\t\t\t\t\t\t\t\t<p data-start=\"40\" data-end=\"707\"><strong data-start=\"40\" data-end=\"98\">Qu'est-ce que le budget personnel et qui peut en b\u00e9n\u00e9ficier ?<\/strong><br data-start=\"98\" data-end=\"101\" \/>Le budget personnel peut prendre la forme d'une <strong>Prestation en esp\u00e8ces<\/strong> (dans le mod\u00e8le de l'employeur) ou sous la forme d'une <strong>Prestation en nature<\/strong> (via un service d'assistance\/de soins). Il soutient les personnes handicap\u00e9es ou menac\u00e9es de l'\u00eatre qui, dans leur vie quotidienne, professionnelle ou de loisirs <strong data-start=\"250\" data-end=\"276\">Besoin de soutien<\/strong> et qui ne pourraient pas les payer autrement. Il s'applique \u00e9galement <strong data-start=\"334\" data-end=\"355\">enfants handicap\u00e9s<\/strong> et pour les personnes qui ont le budget <strong data-start=\"389\" data-end=\"415\">ne pas g\u00e9rer soi-m\u00eame<\/strong> peuvent faire. Avec le budget, vous pouvez <strong data-start=\"450\" data-end=\"499\" data-is-only-node=\"\">Acheter soi-m\u00eame des prestations de r\u00e9\u00e9ducation et de participation<\/strong> (de l'argent plut\u00f4t que des biens ou des services). Il existe un <strong data-start=\"556\" data-end=\"574\">Droit l\u00e9gal<\/strong>, mais vous devez <strong data-start=\"595\" data-end=\"609\">demander<\/strong>. Si plusieurs payeurs sont impliqu\u00e9s, on dit <strong data-start=\"662\" data-end=\"706\">budget personnel inter-organismes<\/strong>.<\/p><p data-start=\"709\" data-end=\"744\"><strong data-start=\"709\" data-end=\"742\">Dans quel but peut-on en faire la demande ?<\/strong><\/p><ul data-start=\"745\" data-end=\"1042\"><li data-start=\"745\" data-end=\"815\"><p data-start=\"747\" data-end=\"815\"><strong data-start=\"747\" data-end=\"767\">Participation sociale<\/strong> (par ex. aides \u00e0 la mobilit\u00e9 ou \u00e0 la communication)<\/p><\/li><li data-start=\"816\" data-end=\"887\"><p data-start=\"818\" data-end=\"887\"><strong data-start=\"818\" data-end=\"846\">Participation \u00e0 la vie professionnelle<\/strong> (par exemple, assistance au travail ou aux \u00e9tudes)<\/p><\/li><li data-start=\"888\" data-end=\"1042\"><p data-start=\"890\" data-end=\"1042\"><strong data-start=\"890\" data-end=\"921\">R\u00e9\u00e9ducation m\u00e9dicale<\/strong> (par exemple, aides aux soins)<br data-start=\"947\" data-end=\"950\" \/>Ne sont pas pay\u00e9s les frais de la vie normale tels que <strong data-start=\"1002\" data-end=\"1041\">Loyer, chauffage, \u00e9lectricit\u00e9, nourriture<\/strong>.<\/p><\/li><\/ul><p data-start=\"1044\" data-end=\"1097\"><strong data-start=\"1044\" data-end=\"1095\">Comment acc\u00e9der au budget personnel (d\u00e9roulement) ?<\/strong><\/p><ol data-start=\"1098\" data-end=\"2100\"><li data-start=\"1098\" data-end=\"1134\"><p data-start=\"1101\" data-end=\"1134\"><strong data-start=\"1101\" data-end=\"1120\">Rendez-vous de consultation<\/strong> conviennent<\/p><\/li><li data-start=\"1135\" data-end=\"1194\"><p data-start=\"1138\" data-end=\"1194\"><strong data-start=\"1138\" data-end=\"1162\">Besoin de soutien<\/strong> d\u00e9terminer (quotidiennement\/mensuellement)<\/p><\/li><li data-start=\"1195\" data-end=\"1626\"><p data-start=\"1198\" data-end=\"1271\"><strong data-start=\"1198\" data-end=\"1219\">Devis<\/strong> \u00e9tablir (avec conseil et, le cas \u00e9ch\u00e9ant, comptabilit\u00e9 salariale)<\/p><ul data-start=\"1275\" data-end=\"1626\"><li data-start=\"1275\" data-end=\"1626\"><p data-start=\"1277\" data-end=\"1626\">Choisir l'organisation :<br data-start=\"1297\" data-end=\"1300\" \/><strong data-start=\"1305\" data-end=\"1333\">a) Mod\u00e8le du prestataire de services :<\/strong> Contrat avec un service ambulatoire ; le service met du personnel \u00e0 disposition, fournit des prestations (possibles jusqu'\u00e0 24h) et \u00e9tablit la facture.<br data-start=\"1442\" data-end=\"1445\" \/><strong data-start=\"1450\" data-end=\"1475\">b) Mod\u00e8le de l'employeur :<\/strong> Vous engagez vous-m\u00eame des assistants ; un bureau de paie peut se charger de la paie.\u00a0<\/p><\/li><\/ul><\/li><li data-start=\"1627\" data-end=\"1859\"><p data-start=\"1630\" data-end=\"1859\"><strong data-start=\"1630\" data-end=\"1640\">Demande<\/strong> aupr\u00e8s du responsable <strong data-start=\"1658\" data-end=\"1690\">Prestataires\/organismes payeurs<\/strong> organismes (selon les besoins), par exemple : Caisse d'assurance maladie\/soins, assurance pension\/accident, aide \u00e0 la jeunesse\/aide sociale, aide \u00e0 l'insertion, bureau d'int\u00e9gration, agence pour l'emploi, etc.<\/p><\/li><li data-start=\"1860\" data-end=\"2023\"><p data-start=\"1863\" data-end=\"2023\"><strong data-start=\"1863\" data-end=\"1882\">Conf\u00e9rence budg\u00e9taire<\/strong> (s'il y a plusieurs payeurs) : un interlocuteur est d\u00e9sign\u00e9 ; les besoins, le montant et la dur\u00e9e sont n\u00e9goci\u00e9s ; ensuite, ajustement ult\u00e9rieur si n\u00e9cessaire.<\/p><\/li><li data-start=\"2024\" data-end=\"2100\"><p data-start=\"2027\" data-end=\"2100\"><strong data-start=\"2027\" data-end=\"2047\">Accord sur les objectifs<\/strong>: le consigner par \u00e9crit (montant, p\u00e9riode, justificatifs).<\/p><\/li><\/ol><p data-start=\"2102\" data-end=\"2403\"><strong data-start=\"2102\" data-end=\"2124\">Avantages et inconv\u00e9nients<\/strong><br data-start=\"2124\" data-end=\"2127\" \/><strong data-start=\"2127\" data-end=\"2140\">Avantages :<\/strong> plus <strong data-start=\"2146\" data-end=\"2164\">Ind\u00e9pendance<\/strong>, pas li\u00e9 \u00e0 un fournisseur, aides <strong data-start=\"2207\" data-end=\"2223\">peut \u00eatre combin\u00e9<\/strong> (p. ex. en partie service, en partie propre assistance).<br data-start=\"2269\" data-end=\"2272\" \/><strong data-start=\"2272\" data-end=\"2286\">Inconv\u00e9nients :<\/strong> plus <strong data-start=\"2292\" data-end=\"2333\">Frais d'organisation et d'administration<\/strong>, Le mod\u00e8le de l'employeur (recherche de personnel, planification, d\u00e9compte).<\/p>\t\t\t\t\t\t\t\t<\/div>\n\t\t\t\t<\/div>\n\t\t\t\t<\/div>\n\t\t\t\t<\/div>\n\t\t\t\t<\/div>\n\t\t\t\t\t<\/div>\n\t\t\t\t<\/div>\n\t\t\t\t<\/main>\n\t\t\t\t<\/main>\n\t\t\t\t<\/div>","protected":false},"excerpt":{"rendered":"<p>Projekt 2006 &#8211; 2010 Pers\u00f6nliches Budget Leistungen flexibel einkaufen Das Projekt &#8222;Integration jetzt! Selbstbestimmt leben mit Pers\u00f6nlichen Budget&#8220; Ziel des Projekt war der Aufbau eines regionalen, unabh\u00e4ngigen Beratungsangebotes zum Pers\u00f6nlichen Budget f\u00fcr BudgetnehmerInnen und BudgetinteressentInnen. KlientInnen wurden bei der Durchsetzung ihrer Belange bei Kostentr\u00e4gern und Diensten unterst\u00fctzt. Ein weiterer Schwerpunkt des Projekts war die Bewusstseinsbildung [&hellip;]<\/p>\n","protected":false},"author":1,"featured_media":0,"parent":0,"menu_order":0,"comment_status":"closed","ping_status":"closed","template":"","meta":{"footnotes":""},"class_list":["post-2743","page","type-page","status-publish","hentry"],"_links":{"self":[{"href":"https:\/\/zsl-erlangen.de\/fr\/wp-json\/wp\/v2\/pages\/2743","targetHints":{"allow":["GET"]}}],"collection":[{"href":"https:\/\/zsl-erlangen.de\/fr\/wp-json\/wp\/v2\/pages"}],"about":[{"href":"https:\/\/zsl-erlangen.de\/fr\/wp-json\/wp\/v2\/types\/page"}],"author":[{"embeddable":true,"href":"https:\/\/zsl-erlangen.de\/fr\/wp-json\/wp\/v2\/users\/1"}],"replies":[{"embeddable":true,"href":"https:\/\/zsl-erlangen.de\/fr\/wp-json\/wp\/v2\/comments?post=2743"}],"version-history":[{"count":25,"href":"https:\/\/zsl-erlangen.de\/fr\/wp-json\/wp\/v2\/pages\/2743\/revisions"}],"predecessor-version":[{"id":4820,"href":"https:\/\/zsl-erlangen.de\/fr\/wp-json\/wp\/v2\/pages\/2743\/revisions\/4820"}],"wp:attachment":[{"href":"https:\/\/zsl-erlangen.de\/fr\/wp-json\/wp\/v2\/media?parent=2743"}],"curies":[{"name":"wp","href":"https:\/\/api.w.org\/{rel}","templated":true}]}}

<div data-elementor-type="wp-page" data-elementor-id="2743" class="elementor elementor-2743" data-elementor-post-type="page">
				<main class="elementor-element elementor-element-b4af965 e-con-full e-flex e-con e-parent" data-id="b4af965" data-element_type="container" data-e-type="container">
		<main class="elementor-element elementor-element-4336cf9 e-con-full e-flex e-con e-child" data-id="4336cf9" data-element_type="container" data-e-type="container" data-settings="{&quot;background_background&quot;:&quot;classic&quot;}">
		<div class="elementor-element elementor-element-d135b47 e-con-full e-flex e-con e-child" data-id="d135b47" data-element_type="container" data-e-type="container">
		<div class="elementor-element elementor-element-57d33c2 e-con-full e-flex e-con e-child" data-id="57d33c2" data-element_type="container" data-e-type="container" data-settings="{&quot;background_background&quot;:&quot;gradient&quot;}">
				<div class="elementor-element elementor-element-f35b21a elementor-widget elementor-widget-text-editor" data-id="f35b21a" data-element_type="widget" data-e-type="widget" data-widget_type="text-editor.default">
									<p>Projet 2006 - 2010</p>								</div>
				<div class="elementor-element elementor-element-98270ff elementor-widget elementor-widget-heading" data-id="98270ff" data-element_type="widget" data-e-type="widget" data-widget_type="heading.default">
					<h2 class="elementor-heading-title elementor-size-default">Budget personnel</h2>				</div>
				<div class="elementor-element elementor-element-bbf5a33 elementor-widget elementor-widget-text-editor" data-id="bbf5a33" data-element_type="widget" data-e-type="widget" data-widget_type="text-editor.default">
									<p>Acheter des prestations de manière flexible</p>								</div>
				</div>
		<div class="elementor-element elementor-element-107b111 e-con-full e-flex e-con e-child" data-id="107b111" data-element_type="container" data-e-type="container">
				<div class="elementor-element elementor-element-cd8fc51 elementor-widget elementor-widget-image" data-id="cd8fc51" data-element_type="widget" data-e-type="widget" data-widget_type="image.default">
															<img fetchpriority="high" decoding="async" width="1500" height="630" src="https://zsl-erlangen.de/wp-content/uploads/2026/01/persoenliches-budget.jpg" class="attachment-full size-full wp-image-2746" alt="conseil-sur-le-thème-du-budget-personnel" srcset="https://zsl-erlangen.de/wp-content/uploads/2026/01/persoenliches-budget.jpg 1500w, https://zsl-erlangen.de/wp-content/uploads/2026/01/persoenliches-budget-300x126.jpg 300w, https://zsl-erlangen.de/wp-content/uploads/2026/01/persoenliches-budget-1024x430.jpg 1024w, https://zsl-erlangen.de/wp-content/uploads/2026/01/persoenliches-budget-768x323.jpg 768w" sizes="(max-width: 1500px) 100vw, 1500px" />															</div>
				</div>
				</div>
		<div class="elementor-element elementor-element-8cd503a e-flex e-con-boxed e-con e-child" data-id="8cd503a" data-element_type="container" data-e-type="container">
					<div class="e-con-inner">
		<div class="elementor-element elementor-element-8c31269 e-con-full e-flex e-con e-child" data-id="8c31269" data-element_type="container" data-e-type="container" data-settings="{&quot;background_background&quot;:&quot;classic&quot;}">
		<div class="elementor-element elementor-element-5e6e393 e-con-full e-flex e-con e-child" data-id="5e6e393" data-element_type="container" data-e-type="container" data-settings="{&quot;background_background&quot;:&quot;classic&quot;}">
		<div class="elementor-element elementor-element-c800f68 e-con-full e-flex e-con e-child" data-id="c800f68" data-element_type="container" data-e-type="container" data-settings="{&quot;background_background&quot;:&quot;classic&quot;}">
		<div class="elementor-element elementor-element-6615f80 e-con-full e-flex e-con e-child" data-id="6615f80" data-element_type="container" data-e-type="container" data-settings="{&quot;background_background&quot;:&quot;classic&quot;}">
				<div class="elementor-element elementor-element-c594625 elementor-widget elementor-widget-heading" data-id="c594625" data-element_type="widget" data-e-type="widget" data-widget_type="heading.default">
					<h2 class="elementor-heading-title elementor-size-default">Le projet "Integration jetzt ! Vivre de manière autonome avec un budget personnel"</h2>				</div>
				<div class="elementor-element elementor-element-9c15a88 elementor-widget elementor-widget-text-editor" data-id="9c15a88" data-element_type="widget" data-e-type="widget" data-widget_type="text-editor.default">
									<p>L'objectif du projet était de mettre en place une offre de conseil régionale et indépendante sur le budget personnel pour les bénéficiaires et les personnes intéressées par le budget. Les clients ont été aidés à faire valoir leurs intérêts auprès des organismes payeurs et des services. Une autre priorité du projet était de sensibiliser les décideurs politiques.</p><p>Le service de consultation a pu s'établir avec succès comme point de contact pour les personnes handicapées, leurs proches, les organismes payeurs et les prestataires de services, ainsi que pour d'autres services de consultation.</p>								</div>
				<div class="elementor-element elementor-element-e1c4dbf elementor-widget elementor-widget-heading" data-id="e1c4dbf" data-element_type="widget" data-e-type="widget" data-widget_type="heading.default">
					<h2 class="elementor-heading-title elementor-size-default">Le budget personnel en bref</h2>				</div>
				<div class="elementor-element elementor-element-813fb7b elementor-widget elementor-widget-text-editor" data-id="813fb7b" data-element_type="widget" data-e-type="widget" data-widget_type="text-editor.default">
									<p data-start="40" data-end="707"><strong data-start="40" data-end="98">Qu'est-ce que le budget personnel et qui peut en bénéficier ?</strong><br data-start="98" data-end="101" />Le budget personnel peut prendre la forme d'une <strong>Prestation en espèces</strong> (dans le modèle de l'employeur) ou sous la forme d'une <strong>Prestation en nature</strong> (via un service d'assistance/de soins). Il soutient les personnes handicapées ou menacées de l'être qui, dans leur vie quotidienne, professionnelle ou de loisirs <strong data-start="250" data-end="276">Besoin de soutien</strong> et qui ne pourraient pas les payer autrement. Il s'applique également <strong data-start="334" data-end="355">enfants handicapés</strong> et pour les personnes qui ont le budget <strong data-start="389" data-end="415">ne pas gérer soi-même</strong> peuvent faire. Avec le budget, vous pouvez <strong data-start="450" data-end="499" data-is-only-node="">Acheter soi-même des prestations de rééducation et de participation</strong> (de l'argent plutôt que des biens ou des services). Il existe un <strong data-start="556" data-end="574">Droit légal</strong>, mais vous devez <strong data-start="595" data-end="609">demander</strong>. Si plusieurs payeurs sont impliqués, on dit <strong data-start="662" data-end="706">budget personnel inter-organismes</strong>.</p><p data-start="709" data-end="744"><strong data-start="709" data-end="742">Dans quel but peut-on en faire la demande ?</strong></p><ul data-start="745" data-end="1042"><li data-start="745" data-end="815"><p data-start="747" data-end="815"><strong data-start="747" data-end="767">Participation sociale</strong> (par ex. aides à la mobilité ou à la communication)</p></li><li data-start="816" data-end="887"><p data-start="818" data-end="887"><strong data-start="818" data-end="846">Participation à la vie professionnelle</strong> (par exemple, assistance au travail ou aux études)</p></li><li data-start="888" data-end="1042"><p data-start="890" data-end="1042"><strong data-start="890" data-end="921">Rééducation médicale</strong> (par exemple, aides aux soins)<br data-start="947" data-end="950" />Ne sont pas payés les frais de la vie normale tels que <strong data-start="1002" data-end="1041">Loyer, chauffage, électricité, nourriture</strong>.</p></li></ul><p data-start="1044" data-end="1097"><strong data-start="1044" data-end="1095">Comment accéder au budget personnel (déroulement) ?</strong></p><ol data-start="1098" data-end="2100"><li data-start="1098" data-end="1134"><p data-start="1101" data-end="1134"><strong data-start="1101" data-end="1120">Rendez-vous de consultation</strong> conviennent</p></li><li data-start="1135" data-end="1194"><p data-start="1138" data-end="1194"><strong data-start="1138" data-end="1162">Besoin de soutien</strong> déterminer (quotidiennement/mensuellement)</p></li><li data-start="1195" data-end="1626"><p data-start="1198" data-end="1271"><strong data-start="1198" data-end="1219">Devis</strong> établir (avec conseil et, le cas échéant, comptabilité salariale)</p><ul data-start="1275" data-end="1626"><li data-start="1275" data-end="1626"><p data-start="1277" data-end="1626">Choisir l'organisation :<br data-start="1297" data-end="1300" /><strong data-start="1305" data-end="1333">a) Modèle du prestataire de services :</strong> Contrat avec un service ambulatoire ; le service met du personnel à disposition, fournit des prestations (possibles jusqu'à 24h) et établit la facture.<br data-start="1442" data-end="1445" /><strong data-start="1450" data-end="1475">b) Modèle de l'employeur :</strong> Vous engagez vous-même des assistants ; un bureau de paie peut se charger de la paie. </p></li></ul></li><li data-start="1627" data-end="1859"><p data-start="1630" data-end="1859"><strong data-start="1630" data-end="1640">Demande</strong> auprès du responsable <strong data-start="1658" data-end="1690">Prestataires/organismes payeurs</strong> organismes (selon les besoins), par exemple : Caisse d'assurance maladie/soins, assurance pension/accident, aide à la jeunesse/aide sociale, aide à l'insertion, bureau d'intégration, agence pour l'emploi, etc.</p></li><li data-start="1860" data-end="2023"><p data-start="1863" data-end="2023"><strong data-start="1863" data-end="1882">Conférence budgétaire</strong> (s'il y a plusieurs payeurs) : un interlocuteur est désigné ; les besoins, le montant et la durée sont négociés ; ensuite, ajustement ultérieur si nécessaire.</p></li><li data-start="2024" data-end="2100"><p data-start="2027" data-end="2100"><strong data-start="2027" data-end="2047">Accord sur les objectifs</strong>: le consigner par écrit (montant, période, justificatifs).</p></li></ol><p data-start="2102" data-end="2403"><strong data-start="2102" data-end="2124">Avantages et inconvénients</strong><br data-start="2124" data-end="2127" /><strong data-start="2127" data-end="2140">Avantages :</strong> plus <strong data-start="2146" data-end="2164">Indépendance</strong>, pas lié à un fournisseur, aides <strong data-start="2207" data-end="2223">peut être combiné</strong> (p. ex. en partie service, en partie propre assistance).<br data-start="2269" data-end="2272" /><strong data-start="2272" data-end="2286">Inconvénients :</strong> plus <strong data-start="2292" data-end="2333">Frais d'organisation et d'administration</strong>, Le modèle de l'employeur (recherche de personnel, planification, décompte).</p>								</div>
				</div>
				</div>
				</div>
				</div>
					</div>
				</div>
				</main>
				</main>
				</div>

<p>Projekt 2006 &#8211; 2010 Persönliches Budget Leistungen flexibel einkaufen Das Projekt &#8222;Integration jetzt! Selbstbestimmt leben mit Persönlichen Budget&#8220; Ziel des Projekt war der Aufbau eines regionalen, unabhängigen Beratungsangebotes zum Persönlichen Budget für BudgetnehmerInnen und BudgetinteressentInnen. KlientInnen wurden bei der Durchsetzung ihrer Belange bei Kostenträgern und Diensten unterstützt. Ein weiterer Schwerpunkt des Projekts war die Bewusstseinsbildung [&hellip;]</p>
