{"id":4975,"date":"2026-04-29T09:00:09","date_gmt":"2026-04-29T09:00:09","guid":{"rendered":"https:\/\/zsl.webwolfdesign.eu\/?page_id=4975"},"modified":"2026-04-29T09:26:10","modified_gmt":"2026-04-29T09:26:10","slug":"offre-demploi-chef-dequipe-2","status":"publish","type":"page","link":"https:\/\/zsl-erlangen.de\/fr\/offre-demploi-chef-dequipe-2\/","title":{"rendered":"Stellenangebot- Assistenz Anita"},"content":{"rendered":"<div data-elementor-type=\"wp-page\" data-elementor-id=\"4975\" class=\"elementor elementor-4975\" data-elementor-post-type=\"page\">\n\t\t\t\t<div class=\"elementor-element elementor-element-5897030 e-con-full e-flex e-con e-parent\" data-id=\"5897030\" data-element_type=\"container\" data-e-type=\"container\" data-settings=\"{&quot;background_background&quot;:&quot;classic&quot;}\">\n\t\t<div class=\"elementor-element elementor-element-e70512f e-flex e-con-boxed e-con e-child\" data-id=\"e70512f\" data-element_type=\"container\" data-e-type=\"container\">\n\t\t\t\t\t<div class=\"e-con-inner\">\n\t\t<div class=\"elementor-element elementor-element-588dc43 e-con-full e-flex e-con e-child\" data-id=\"588dc43\" data-element_type=\"container\" data-e-type=\"container\" data-settings=\"{&quot;background_background&quot;:&quot;classic&quot;}\">\n\t\t\t\t<div class=\"elementor-element elementor-element-677444f elementor-widget elementor-widget-text-editor\" data-id=\"677444f\" data-element_type=\"widget\" data-e-type=\"widget\" data-widget_type=\"text-editor.default\">\n\t\t\t\t\t\t\t\t\t<div class=\"row\"><div class=\"col-12 col-lg-9\"><div class=\"row\"><div class=\"col-12 col-lg-9\"><h2><strong><span style=\"color: #750000;\">Assistance Anita<\/span><\/strong><\/h2><\/div><\/div><div class=\"row\"><div class=\"col-12 col-lg-9 unterseitenText\"><p>Moi, Anita 58 ans et parapl\u00e9gique depuis 40 ans, je cherche \u00e0 renforcer mon \u00e9quipe.<\/p><p>Apr\u00e8s de nombreuses ann\u00e9es d'activit\u00e9 ind\u00e9pendante, j'ai rejoint le ZSL e.V. avec mon \u00e9quipe. Depuis notre changement en juin 2025, nous avons pu faire la connaissance de sup\u00e9rieurs hi\u00e9rarchiques tr\u00e8s fiables et comp\u00e9tents.<\/p><p>J'ai besoin d'une assistance 24 heures sur 24. Les 24 heures quotidiennes sont actuellement r\u00e9parties en deux \u00e9quipes. Le service de jour s'\u00e9tend de 08h00 \u00e0 20h00 et le service de nuit de 20h00 \u00e0 08h00.<\/p><p>Je suis une personne aimable et ouverte, qui aime le contact avec de nombreuses personnes. Dans notre \u00e9quipe, nous travaillons avec la technique de la kinesth\u00e9sie, qui m\u00e9nage beaucoup le dos et ne demande pas beaucoup d'efforts.<\/p><p>Pour renforcer mon \u00e9quipe existante, je souhaite des femmes qui ont les deux pieds sur terre, qui sont ouvertes, aimables, dr\u00f4les et tr\u00e8s fiables - comme toute mon \u00e9quipe.<\/p><p>Nous sommes une \u00e9quipe harmonieuse et \u00e9quilibr\u00e9e qui se r\u00e9jouit d'accueillir de nouvelles coll\u00e8gues. Notre devise est \u201eun pour tous et tous pour un\u201c. Je serais \u00e9galement ravie d'avoir un peu d'exp\u00e9rience dans le domaine des soins, mais ce n'est pas indispensable.<\/p><p><strong>Int\u00e9ress\u00e9(e) ?<\/strong><\/p><p><span style=\"font-family: -apple-system, BlinkMacSystemFont, 'Segoe UI', Roboto, 'Helvetica Neue', Arial, 'Noto Sans', sans-serif, 'Apple Color Emoji', 'Segoe UI Emoji', 'Segoe UI Symbol', 'Noto Color Emoji';\">Nous attendons avec impatience votre candidature. Veuillez envoyer votre dossier de candidature via le formulaire de candidature en ligne ou par e-mail \u00e0 : <\/span><strong style=\"font-family: -apple-system, BlinkMacSystemFont, 'Segoe UI', Roboto, 'Helvetica Neue', Arial, 'Noto Sans', sans-serif, 'Apple Color Emoji', 'Segoe UI Emoji', 'Segoe UI Symbol', 'Noto Color Emoji';\"><a href=\"mailto:bewerbung@zsl-erlangen.de\" target=\"_blank\" rel=\"noopener\">bewerbung@zsl-erlangen.de<\/a><\/strong><\/p><\/div><\/div><\/div><\/div><div class=\"row\"><div class=\"col-12 col-lg-9 unterseitenText\"><p><strong>Si vous avez des questions, vous pouvez \u00e9galement vous adresser \u00e0 notre directrice des soins, Jutta Becker, au 09131\/98783-20.<\/strong><\/p><\/div><\/div>\t\t\t\t\t\t\t\t<\/div>\n\t\t\t\t<div class=\"elementor-element elementor-element-2b03a43 elementor-align-left elementor-widget elementor-widget-button\" data-id=\"2b03a43\" data-element_type=\"widget\" data-e-type=\"widget\" data-widget_type=\"button.default\">\n\t\t\t\t\t\t\t\t\t\t<a class=\"elementor-button elementor-button-link elementor-size-sm\" href=\"https:\/\/zsl-erlangen.de\/fr\/formulaire-de-candidature\/\">\n\t\t\t\t\t\t<span class=\"elementor-button-content-wrapper\">\n\t\t\t\t\t\t\t\t\t<span class=\"elementor-button-text\">vers le formulaire de candidature en ligne<\/span>\n\t\t\t\t\t<\/span>\n\t\t\t\t\t<\/a>\n\t\t\t\t\t\t\t\t<\/div>\n\t\t\t\t<\/div>\n\t\t\t\t\t<\/div>\n\t\t\t\t<\/div>\n\t\t\t\t<\/div>\n\t\t\t\t<\/div>","protected":false},"excerpt":{"rendered":"<p>Assistenz Anita Ich, Anita 58 Jahre und seit 40 Jahren querschnittsgel\u00e4hmt, suche Verst\u00e4rkung f\u00fcr mein Team. Nach langj\u00e4hriger Selbstst\u00e4ndigkeit bin ich gemeinsam mit meinem Team zum ZSL e.V. gewechselt. Seit unserem Wechsel im Juni 2025 haben wir sehr zuverl\u00e4ssige und kompetente Vorgesetzte kennenlernen d\u00fcrfen. Ich bin rund um die Uhr auf Assistenz angewiesen. Die t\u00e4glichen [&hellip;]<\/p>\n","protected":false},"author":1,"featured_media":0,"parent":0,"menu_order":0,"comment_status":"closed","ping_status":"closed","template":"","meta":{"footnotes":""},"class_list":["post-4975","page","type-page","status-publish","hentry"],"_links":{"self":[{"href":"https:\/\/zsl-erlangen.de\/fr\/wp-json\/wp\/v2\/pages\/4975","targetHints":{"allow":["GET"]}}],"collection":[{"href":"https:\/\/zsl-erlangen.de\/fr\/wp-json\/wp\/v2\/pages"}],"about":[{"href":"https:\/\/zsl-erlangen.de\/fr\/wp-json\/wp\/v2\/types\/page"}],"author":[{"embeddable":true,"href":"https:\/\/zsl-erlangen.de\/fr\/wp-json\/wp\/v2\/users\/1"}],"replies":[{"embeddable":true,"href":"https:\/\/zsl-erlangen.de\/fr\/wp-json\/wp\/v2\/comments?post=4975"}],"version-history":[{"count":10,"href":"https:\/\/zsl-erlangen.de\/fr\/wp-json\/wp\/v2\/pages\/4975\/revisions"}],"predecessor-version":[{"id":5006,"href":"https:\/\/zsl-erlangen.de\/fr\/wp-json\/wp\/v2\/pages\/4975\/revisions\/5006"}],"wp:attachment":[{"href":"https:\/\/zsl-erlangen.de\/fr\/wp-json\/wp\/v2\/media?parent=4975"}],"curies":[{"name":"wp","href":"https:\/\/api.w.org\/{rel}","templated":true}]}}

<div data-elementor-type="wp-page" data-elementor-id="4975" class="elementor elementor-4975" data-elementor-post-type="page">
				<div class="elementor-element elementor-element-5897030 e-con-full e-flex e-con e-parent" data-id="5897030" data-element_type="container" data-e-type="container" data-settings="{&quot;background_background&quot;:&quot;classic&quot;}">
		<div class="elementor-element elementor-element-e70512f e-flex e-con-boxed e-con e-child" data-id="e70512f" data-element_type="container" data-e-type="container">
					<div class="e-con-inner">
		<div class="elementor-element elementor-element-588dc43 e-con-full e-flex e-con e-child" data-id="588dc43" data-element_type="container" data-e-type="container" data-settings="{&quot;background_background&quot;:&quot;classic&quot;}">
				<div class="elementor-element elementor-element-677444f elementor-widget elementor-widget-text-editor" data-id="677444f" data-element_type="widget" data-e-type="widget" data-widget_type="text-editor.default">
									<div class="row"><div class="col-12 col-lg-9"><div class="row"><div class="col-12 col-lg-9"><h2><strong><span style="color: #750000;">Assistance Anita</span></strong></h2></div></div><div class="row"><div class="col-12 col-lg-9 unterseitenText"><p>Moi, Anita 58 ans et paraplégique depuis 40 ans, je cherche à renforcer mon équipe.</p><p>Après de nombreuses années d'activité indépendante, j'ai rejoint le ZSL e.V. avec mon équipe. Depuis notre changement en juin 2025, nous avons pu faire la connaissance de supérieurs hiérarchiques très fiables et compétents.</p><p>J'ai besoin d'une assistance 24 heures sur 24. Les 24 heures quotidiennes sont actuellement réparties en deux équipes. Le service de jour s'étend de 08h00 à 20h00 et le service de nuit de 20h00 à 08h00.</p><p>Je suis une personne aimable et ouverte, qui aime le contact avec de nombreuses personnes. Dans notre équipe, nous travaillons avec la technique de la kinesthésie, qui ménage beaucoup le dos et ne demande pas beaucoup d'efforts.</p><p>Pour renforcer mon équipe existante, je souhaite des femmes qui ont les deux pieds sur terre, qui sont ouvertes, aimables, drôles et très fiables - comme toute mon équipe.</p><p>Nous sommes une équipe harmonieuse et équilibrée qui se réjouit d'accueillir de nouvelles collègues. Notre devise est „un pour tous et tous pour un“. Je serais également ravie d'avoir un peu d'expérience dans le domaine des soins, mais ce n'est pas indispensable.</p><p><strong>Intéressé(e) ?</strong></p><p><span style="font-family: -apple-system, BlinkMacSystemFont, 'Segoe UI', Roboto, 'Helvetica Neue', Arial, 'Noto Sans', sans-serif, 'Apple Color Emoji', 'Segoe UI Emoji', 'Segoe UI Symbol', 'Noto Color Emoji';">Nous attendons avec impatience votre candidature. Veuillez envoyer votre dossier de candidature via le formulaire de candidature en ligne ou par e-mail à : </span><strong style="font-family: -apple-system, BlinkMacSystemFont, 'Segoe UI', Roboto, 'Helvetica Neue', Arial, 'Noto Sans', sans-serif, 'Apple Color Emoji', 'Segoe UI Emoji', 'Segoe UI Symbol', 'Noto Color Emoji';"><a href="mailto:bewerbung@zsl-erlangen.de" target="_blank" rel="noopener">bewerbung@zsl-erlangen.de</a></strong></p></div></div></div></div><div class="row"><div class="col-12 col-lg-9 unterseitenText"><p><strong>Si vous avez des questions, vous pouvez également vous adresser à notre directrice des soins, Jutta Becker, au 09131/98783-20.</strong></p></div></div>								</div>
				<div class="elementor-element elementor-element-2b03a43 elementor-align-left elementor-widget elementor-widget-button" data-id="2b03a43" data-element_type="widget" data-e-type="widget" data-widget_type="button.default">
										<a class="elementor-button elementor-button-link elementor-size-sm" href="https://zsl-erlangen.de/fr/formulaire-de-candidature/">
						<span class="elementor-button-content-wrapper">
									<span class="elementor-button-text">vers le formulaire de candidature en ligne</span>
					</span>
					</a>
								</div>
				</div>
					</div>
				</div>
				</div>
				</div>

<p>Assistenz Anita Ich, Anita 58 Jahre und seit 40 Jahren querschnittsgelähmt, suche Verstärkung für mein Team. Nach langjähriger Selbstständigkeit bin ich gemeinsam mit meinem Team zum ZSL e.V. gewechselt. Seit unserem Wechsel im Juni 2025 haben wir sehr zuverlässige und kompetente Vorgesetzte kennenlernen dürfen. Ich bin rund um die Uhr auf Assistenz angewiesen. Die täglichen [&hellip;]</p>
