{"id":4983,"date":"2026-04-29T09:07:22","date_gmt":"2026-04-29T09:07:22","guid":{"rendered":"https:\/\/zsl.webwolfdesign.eu\/?page_id=4983"},"modified":"2026-04-29T09:23:51","modified_gmt":"2026-04-29T09:23:51","slug":"offre-demploi-equipe-dassistance-rene","status":"publish","type":"page","link":"https:\/\/zsl-erlangen.de\/fr\/offre-demploi-equipe-dassistance-rene\/","title":{"rendered":"Stellenangebot &#8211; Assistenzteam Rene"},"content":{"rendered":"<div data-elementor-type=\"wp-page\" data-elementor-id=\"4983\" class=\"elementor elementor-4983\" data-elementor-post-type=\"page\">\n\t\t\t\t<div class=\"elementor-element elementor-element-5897030 e-con-full e-flex e-con e-parent\" data-id=\"5897030\" data-element_type=\"container\" data-e-type=\"container\" data-settings=\"{&quot;background_background&quot;:&quot;classic&quot;}\">\n\t\t<div class=\"elementor-element elementor-element-e70512f e-flex e-con-boxed e-con e-child\" data-id=\"e70512f\" data-element_type=\"container\" data-e-type=\"container\">\n\t\t\t\t\t<div class=\"e-con-inner\">\n\t\t<div class=\"elementor-element elementor-element-588dc43 e-con-full e-flex e-con e-child\" data-id=\"588dc43\" data-element_type=\"container\" data-e-type=\"container\" data-settings=\"{&quot;background_background&quot;:&quot;classic&quot;}\">\n\t\t\t\t<div class=\"elementor-element elementor-element-677444f elementor-widget elementor-widget-text-editor\" data-id=\"677444f\" data-element_type=\"widget\" data-e-type=\"widget\" data-widget_type=\"text-editor.default\">\n\t\t\t\t\t\t\t\t\t<div class=\"row\"><div class=\"col-12 col-lg-9\"><div class=\"row\"><div class=\"col-12 col-lg-9\"><div class=\"row\"><div class=\"col-12 col-lg-9\"><h2><strong><span style=\"color: #7d0000;\">\u00c9quipe d'assistance Rene<\/span><\/strong><\/h2><\/div><\/div><div class=\"row\"><div class=\"col-12 col-lg-9 unterseitenText\"><div class=\"bildoben\"><p><img fetchpriority=\"high\" decoding=\"async\" src=\"https:\/\/www.zsl-erlangen.de\/fileadmin\/admin\/Redaktion\/Verein\/Foto_Homepage_Stellensuche__Rene_Hamper.jpg\" alt=\"\" width=\"605\" height=\"518\" \/><\/p><div class=\"bildunterschrift\">\u00a0<\/div><\/div><p>Salut,<\/p><p>Je m'appelle Ren\u00e9, j'ai 39 ans, je vis \u00e0 Herzogenaurach et je suis parapl\u00e9gique depuis C4. Je vis de mani\u00e8re ind\u00e9pendante entre mes quatre murs et je cherche d\u00e8s maintenant du soutien pour mon \u00e9quipe d'assistants.<\/p><p>Je suis entreprenante et je poss\u00e8de ma propre voiture. Ici, il est avantageux, et tr\u00e8s important pour moi, que tu puisses prouver que tu as un permis de conduire valable.  Par beau temps, j'aime passer du temps \u00e0 l'air libre dans mon jardin.<\/p><p>Tu es employ\u00e9(e) par une organisation d'assistance qui s'occupe de tout ce qui est organisationnel, comme le contrat, la facturation, etc.<\/p><p>J'ai besoin d'un soutien pour les soins complets, les t\u00e2ches m\u00e9nag\u00e8res, l'accompagnement lors d'activit\u00e9s et de rendez-vous ainsi qu'une assistance pour toutes les activit\u00e9s.<\/p><p>Comme je vis 24 heures sur 24 avec une assistance, les horaires de travail sont fixes.<\/p><p>Si tu cherches un emploi, je serais tr\u00e8s heureux que tu me contactes pour faire personnellement ta connaissance.<\/p><p>Une exp\u00e9rience dans les soins ou l'assistance est super, mais pas indispensable. Ce qui est important pour moi, c'est la fiabilit\u00e9, l'ouverture d'esprit et une relation d\u00e9tendue et respectueuse.<\/p><p><strong>Int\u00e9ress\u00e9(e) ?<\/strong><\/p><\/div><\/div><\/div><\/div><\/div><\/div><div class=\"row\"><div class=\"col-12 col-lg-9 unterseitenText\"><p>Nous attendons avec impatience votre candidature. Veuillez envoyer votre dossier de candidature via le formulaire de candidature en ligne ou par e-mail \u00e0 : <strong><a href=\"mailto:bewerbung@zsl-erlangen.de\" target=\"_blank\" rel=\"noopener\">bewerbung@zsl-erlangen.de<\/a><\/strong><\/p><p><strong>Si vous avez des questions, vous pouvez \u00e9galement vous adresser \u00e0 notre directrice des soins, Jutta Becker, au 09131\/98783-20.<\/strong><\/p><\/div><\/div>\t\t\t\t\t\t\t\t<\/div>\n\t\t\t\t<div class=\"elementor-element elementor-element-2b03a43 elementor-align-left elementor-widget elementor-widget-button\" data-id=\"2b03a43\" data-element_type=\"widget\" data-e-type=\"widget\" data-widget_type=\"button.default\">\n\t\t\t\t\t\t\t\t\t\t<a class=\"elementor-button elementor-button-link elementor-size-sm\" href=\"https:\/\/zsl-erlangen.de\/fr\/formulaire-de-candidature\/\">\n\t\t\t\t\t\t<span class=\"elementor-button-content-wrapper\">\n\t\t\t\t\t\t\t\t\t<span class=\"elementor-button-text\">vers le formulaire de candidature en ligne<\/span>\n\t\t\t\t\t<\/span>\n\t\t\t\t\t<\/a>\n\t\t\t\t\t\t\t\t<\/div>\n\t\t\t\t<\/div>\n\t\t\t\t\t<\/div>\n\t\t\t\t<\/div>\n\t\t\t\t<\/div>\n\t\t\t\t<\/div>","protected":false},"excerpt":{"rendered":"<p>Assistenzteam Rene \u00a0 Hey, ich bin Rene, 39 Jahre alt, lebe in Herzogenaurach und bin ab C4 querschnittgel\u00e4hmt. Ich wohne selbstst\u00e4ndig in meinen eigenen vier W\u00e4nden und suche ab sofort Unterst\u00fctzung f\u00fcr mein Assistententeam. Ich bin unternehmungslustig und besitze ein eigenes Auto. Hier ist es zum Vorteil, und mir sehr wichtig, dass du eine g\u00fcltige [&hellip;]<\/p>\n","protected":false},"author":1,"featured_media":0,"parent":0,"menu_order":0,"comment_status":"closed","ping_status":"closed","template":"","meta":{"footnotes":""},"class_list":["post-4983","page","type-page","status-publish","hentry"],"_links":{"self":[{"href":"https:\/\/zsl-erlangen.de\/fr\/wp-json\/wp\/v2\/pages\/4983","targetHints":{"allow":["GET"]}}],"collection":[{"href":"https:\/\/zsl-erlangen.de\/fr\/wp-json\/wp\/v2\/pages"}],"about":[{"href":"https:\/\/zsl-erlangen.de\/fr\/wp-json\/wp\/v2\/types\/page"}],"author":[{"embeddable":true,"href":"https:\/\/zsl-erlangen.de\/fr\/wp-json\/wp\/v2\/users\/1"}],"replies":[{"embeddable":true,"href":"https:\/\/zsl-erlangen.de\/fr\/wp-json\/wp\/v2\/comments?post=4983"}],"version-history":[{"count":7,"href":"https:\/\/zsl-erlangen.de\/fr\/wp-json\/wp\/v2\/pages\/4983\/revisions"}],"predecessor-version":[{"id":5003,"href":"https:\/\/zsl-erlangen.de\/fr\/wp-json\/wp\/v2\/pages\/4983\/revisions\/5003"}],"wp:attachment":[{"href":"https:\/\/zsl-erlangen.de\/fr\/wp-json\/wp\/v2\/media?parent=4983"}],"curies":[{"name":"wp","href":"https:\/\/api.w.org\/{rel}","templated":true}]}}

<div data-elementor-type="wp-page" data-elementor-id="4983" class="elementor elementor-4983" data-elementor-post-type="page">
				<div class="elementor-element elementor-element-5897030 e-con-full e-flex e-con e-parent" data-id="5897030" data-element_type="container" data-e-type="container" data-settings="{&quot;background_background&quot;:&quot;classic&quot;}">
		<div class="elementor-element elementor-element-e70512f e-flex e-con-boxed e-con e-child" data-id="e70512f" data-element_type="container" data-e-type="container">
					<div class="e-con-inner">
		<div class="elementor-element elementor-element-588dc43 e-con-full e-flex e-con e-child" data-id="588dc43" data-element_type="container" data-e-type="container" data-settings="{&quot;background_background&quot;:&quot;classic&quot;}">
				<div class="elementor-element elementor-element-677444f elementor-widget elementor-widget-text-editor" data-id="677444f" data-element_type="widget" data-e-type="widget" data-widget_type="text-editor.default">
									<div class="row"><div class="col-12 col-lg-9"><div class="row"><div class="col-12 col-lg-9"><div class="row"><div class="col-12 col-lg-9"><h2><strong><span style="color: #7d0000;">Équipe d'assistance Rene</span></strong></h2></div></div><div class="row"><div class="col-12 col-lg-9 unterseitenText"><div class="bildoben"><p><img fetchpriority="high" decoding="async" src="https://www.zsl-erlangen.de/fileadmin/admin/Redaktion/Verein/Foto_Homepage_Stellensuche__Rene_Hamper.jpg" alt="" width="605" height="518" /></p><div class="bildunterschrift"> </div></div><p>Salut,</p><p>Je m'appelle René, j'ai 39 ans, je vis à Herzogenaurach et je suis paraplégique depuis C4. Je vis de manière indépendante entre mes quatre murs et je cherche dès maintenant du soutien pour mon équipe d'assistants.</p><p>Je suis entreprenante et je possède ma propre voiture. Ici, il est avantageux, et très important pour moi, que tu puisses prouver que tu as un permis de conduire valable.  Par beau temps, j'aime passer du temps à l'air libre dans mon jardin.</p><p>Tu es employé(e) par une organisation d'assistance qui s'occupe de tout ce qui est organisationnel, comme le contrat, la facturation, etc.</p><p>J'ai besoin d'un soutien pour les soins complets, les tâches ménagères, l'accompagnement lors d'activités et de rendez-vous ainsi qu'une assistance pour toutes les activités.</p><p>Comme je vis 24 heures sur 24 avec une assistance, les horaires de travail sont fixes.</p><p>Si tu cherches un emploi, je serais très heureux que tu me contactes pour faire personnellement ta connaissance.</p><p>Une expérience dans les soins ou l'assistance est super, mais pas indispensable. Ce qui est important pour moi, c'est la fiabilité, l'ouverture d'esprit et une relation détendue et respectueuse.</p><p><strong>Intéressé(e) ?</strong></p></div></div></div></div></div></div><div class="row"><div class="col-12 col-lg-9 unterseitenText"><p>Nous attendons avec impatience votre candidature. Veuillez envoyer votre dossier de candidature via le formulaire de candidature en ligne ou par e-mail à : <strong><a href="mailto:bewerbung@zsl-erlangen.de" target="_blank" rel="noopener">bewerbung@zsl-erlangen.de</a></strong></p><p><strong>Si vous avez des questions, vous pouvez également vous adresser à notre directrice des soins, Jutta Becker, au 09131/98783-20.</strong></p></div></div>								</div>
				<div class="elementor-element elementor-element-2b03a43 elementor-align-left elementor-widget elementor-widget-button" data-id="2b03a43" data-element_type="widget" data-e-type="widget" data-widget_type="button.default">
										<a class="elementor-button elementor-button-link elementor-size-sm" href="https://zsl-erlangen.de/fr/formulaire-de-candidature/">
						<span class="elementor-button-content-wrapper">
									<span class="elementor-button-text">vers le formulaire de candidature en ligne</span>
					</span>
					</a>
								</div>
				</div>
					</div>
				</div>
				</div>
				</div>

<p>Assistenzteam Rene   Hey, ich bin Rene, 39 Jahre alt, lebe in Herzogenaurach und bin ab C4 querschnittgelähmt. Ich wohne selbstständig in meinen eigenen vier Wänden und suche ab sofort Unterstützung für mein Assistententeam. Ich bin unternehmungslustig und besitze ein eigenes Auto. Hier ist es zum Vorteil, und mir sehr wichtig, dass du eine gültige [&hellip;]</p>
