{"id":4993,"date":"2026-04-29T09:17:36","date_gmt":"2026-04-29T09:17:36","guid":{"rendered":"https:\/\/zsl.webwolfdesign.eu\/?page_id=4993"},"modified":"2026-04-29T10:03:01","modified_gmt":"2026-04-29T10:03:01","slug":"offre-demploi-stage-pour-etudiantes","status":"publish","type":"page","link":"https:\/\/zsl-erlangen.de\/fr\/offre-demploi-stage-pour-etudiantes\/","title":{"rendered":"Stellenangebot &#8211; Praktikum fuer Student*innen"},"content":{"rendered":"<div data-elementor-type=\"wp-page\" data-elementor-id=\"4993\" class=\"elementor elementor-4993\" data-elementor-post-type=\"page\">\n\t\t\t\t<div class=\"elementor-element elementor-element-5897030 e-con-full e-flex e-con e-parent\" data-id=\"5897030\" data-element_type=\"container\" data-e-type=\"container\" data-settings=\"{&quot;background_background&quot;:&quot;classic&quot;}\">\n\t\t<div class=\"elementor-element elementor-element-e70512f e-flex e-con-boxed e-con e-child\" data-id=\"e70512f\" data-element_type=\"container\" data-e-type=\"container\">\n\t\t\t\t\t<div class=\"e-con-inner\">\n\t\t<div class=\"elementor-element elementor-element-588dc43 e-con-full e-flex e-con e-child\" data-id=\"588dc43\" data-element_type=\"container\" data-e-type=\"container\" data-settings=\"{&quot;background_background&quot;:&quot;classic&quot;}\">\n\t\t\t\t<div class=\"elementor-element elementor-element-677444f elementor-widget elementor-widget-text-editor\" data-id=\"677444f\" data-element_type=\"widget\" data-e-type=\"widget\" data-widget_type=\"text-editor.default\">\n\t\t\t\t\t\t\t\t\t<div class=\"row\"><div class=\"col-12 col-lg-9\"><div class=\"row\"><div class=\"col-12 col-lg-9\"><div class=\"row\"><div class=\"col-12 col-lg-9\"><h2 class=\"text-center\"><span style=\"color: #7d0000;\"><strong>Nous proposons des places de stage pour les \u00e9tudiants* dans notre domaine Conseil.Formation.Rencontre.<\/strong><\/span><\/h2><h5><span style=\"color: #000000;\"><strong>\u00c0 propos de nous :<\/strong><\/span><\/h5><p>Le ZSL e.V. a \u00e9t\u00e9 fond\u00e9 en 1988 par des activistes* en tant qu'association \u00e0 but non lucratif pour l'autorepr\u00e9sentation des personnes handicap\u00e9es. Selon la devise\u00a0<em>\u201eRien sur nous sans nous !\u201c\u00a0<\/em>des personnes avec et sans handicap travaillent aujourd'hui ensemble dans le but de permettre aux personnes de participer \u00e0 tous les domaines de la vie sur un pied d'\u00e9galit\u00e9. Nous nous engageons pour une v\u00e9ritable inclusion et proposons une offre diversifi\u00e9e qui aide les personnes handicap\u00e9es \u00e0 mener une vie autonome.<\/p><p>En tant que service de travail ouvert pour les personnes handicap\u00e9es, nous proposons :<\/p><p><strong>Conseils.<\/strong><\/p><p>Nous proposons aux personnes handicap\u00e9es, \u00e0 leurs proches et aux institutions des conseils sociaux sur le th\u00e8me du handicap.<\/p><p><strong>l'\u00e9ducation.<\/strong><\/p><p>Nous voulons sensibiliser le public aux int\u00e9r\u00eats des personnes handicap\u00e9es. Par le biais d'ateliers, de s\u00e9minaires et de lectures, nous souhaitons attirer l'attention sur les barri\u00e8res, le rejet et les structures discriminatoires.\u00a0<\/p><p><strong>rencontre.<\/strong><\/p><p>Nous cr\u00e9ons des espaces de rencontre - ouverts \u00e0 tous. Pour cela, nous proposons une multitude d'\u00e9v\u00e9nements o\u00f9 les personnes avec et sans handicap peuvent se rencontrer.<\/p><h2><span style=\"color: #7d0000;\"><strong>Conditions pr\u00e9alables<\/strong><\/span><\/h2><p><strong>Tu veux t'engager pour que...<\/strong><\/p><ul><li>les personnes handicap\u00e9es soient accept\u00e9es dans leur diff\u00e9rence au sein de la soci\u00e9t\u00e9 et que le handicap soit per\u00e7u et reconnu comme faisant partie de la normalit\u00e9 et de la diversit\u00e9 humaines.<\/li><li>toutes les offres de l'espace social puissent \u00eatre utilis\u00e9es par les personnes handicap\u00e9es.<\/li><li>en donnant une voix \u00e0 des personnes dont les pr\u00e9occupations l\u00e9gitimes sont souvent ignor\u00e9es.<\/li><\/ul><p><strong><br \/>Ton profil<\/strong><\/p><ul><li>Tu es \u00e9tudiant(e) inscrit(e) en travail social, en p\u00e9dagogie sociale, en p\u00e9dagogie curative ou dans des fili\u00e8res comparables.<\/li><li>Tu souhaites soutenir nos sp\u00e9cialistes dans la planification, l'organisation et la r\u00e9alisation de manifestations et d'offres de formation ainsi que dans le conseil aux personnes handicap\u00e9es.<\/li><li>Tu t'identifies \u00e0 la charte du ZSL e.V. et tu souhaites en savoir plus sur l'autod\u00e9termination et la participation.<\/li><li>Tu es fiable et tu as une m\u00e9thode de travail autonome<\/li><\/ul><p><strong><br \/>Tes avantages<\/strong><\/p><ul><li>Le travail dans une petite \u00e9quipe avec des \u00e9changes r\u00e9guliers<\/li><li>une ambiance de travail motiv\u00e9e et tr\u00e8s bonne<\/li><li>Libert\u00e9 d'apporter ses propres id\u00e9es et de se tester<\/li><li>des horaires de travail flexibles<\/li><li>Nous vivons l'inclusion. Chez nous, les personnes avec et sans handicap travaillent c\u00f4te \u00e0 c\u00f4te.<\/li><\/ul><p><strong><br \/>Int\u00e9ress\u00e9(e) ?<\/strong><\/p><p>Nous avons \u00e9veill\u00e9 ton int\u00e9r\u00eat ?<\/p><p>Veuillez envoyer votre candidature accompagn\u00e9e d'une documentation pertinente \u00e0 :<\/p><p>Exclusivement par e-mail :\u00a0<a title=\"bewerbung@zsl-erlangen.de\" href=\"mailto:bewerbung@zsl-erlangen.de\">bewerbung@zsl-erlangen.de<\/a><\/p><\/div><\/div><\/div><\/div><\/div><\/div>\t\t\t\t\t\t\t\t<\/div>\n\t\t\t\t<\/div>\n\t\t\t\t\t<\/div>\n\t\t\t\t<\/div>\n\t\t\t\t<\/div>\n\t\t\t\t<\/div>","protected":false},"excerpt":{"rendered":"<p>Wir bieten Praktikumspl\u00e4tze f\u00fcr Student*innen in unserem Bereich Beratung.Bildung.Begegnung. \u00dcber uns: Das ZSL e.V. wurde 1988 von Aktivist*innen als gemeinn\u00fctziger Verein zur Selbstvertretung von Menschen mit Behinderung gegr\u00fcndet. Nach dem Motto:\u00a0\u201eNichts \u00fcber uns ohne uns!\u201c\u00a0Arbeiten heute Menschen mit und ohne Behinderung zusammen an dem Ziel, Menschen eine gleichberechtigte Teilhabe in allen Lebensbereichen zu erm\u00f6glichen. Wir [&hellip;]<\/p>\n","protected":false},"author":1,"featured_media":0,"parent":0,"menu_order":0,"comment_status":"closed","ping_status":"closed","template":"","meta":{"footnotes":""},"class_list":["post-4993","page","type-page","status-publish","hentry"],"_links":{"self":[{"href":"https:\/\/zsl-erlangen.de\/fr\/wp-json\/wp\/v2\/pages\/4993","targetHints":{"allow":["GET"]}}],"collection":[{"href":"https:\/\/zsl-erlangen.de\/fr\/wp-json\/wp\/v2\/pages"}],"about":[{"href":"https:\/\/zsl-erlangen.de\/fr\/wp-json\/wp\/v2\/types\/page"}],"author":[{"embeddable":true,"href":"https:\/\/zsl-erlangen.de\/fr\/wp-json\/wp\/v2\/users\/1"}],"replies":[{"embeddable":true,"href":"https:\/\/zsl-erlangen.de\/fr\/wp-json\/wp\/v2\/comments?post=4993"}],"version-history":[{"count":10,"href":"https:\/\/zsl-erlangen.de\/fr\/wp-json\/wp\/v2\/pages\/4993\/revisions"}],"predecessor-version":[{"id":5031,"href":"https:\/\/zsl-erlangen.de\/fr\/wp-json\/wp\/v2\/pages\/4993\/revisions\/5031"}],"wp:attachment":[{"href":"https:\/\/zsl-erlangen.de\/fr\/wp-json\/wp\/v2\/media?parent=4993"}],"curies":[{"name":"wp","href":"https:\/\/api.w.org\/{rel}","templated":true}]}}

<div data-elementor-type="wp-page" data-elementor-id="4993" class="elementor elementor-4993" data-elementor-post-type="page">
				<div class="elementor-element elementor-element-5897030 e-con-full e-flex e-con e-parent" data-id="5897030" data-element_type="container" data-e-type="container" data-settings="{&quot;background_background&quot;:&quot;classic&quot;}">
		<div class="elementor-element elementor-element-e70512f e-flex e-con-boxed e-con e-child" data-id="e70512f" data-element_type="container" data-e-type="container">
					<div class="e-con-inner">
		<div class="elementor-element elementor-element-588dc43 e-con-full e-flex e-con e-child" data-id="588dc43" data-element_type="container" data-e-type="container" data-settings="{&quot;background_background&quot;:&quot;classic&quot;}">
				<div class="elementor-element elementor-element-677444f elementor-widget elementor-widget-text-editor" data-id="677444f" data-element_type="widget" data-e-type="widget" data-widget_type="text-editor.default">
									<div class="row"><div class="col-12 col-lg-9"><div class="row"><div class="col-12 col-lg-9"><div class="row"><div class="col-12 col-lg-9"><h2 class="text-center"><span style="color: #7d0000;"><strong>Nous proposons des places de stage pour les étudiants* dans notre domaine Conseil.Formation.Rencontre.</strong></span></h2><h5><span style="color: #000000;"><strong>À propos de nous :</strong></span></h5><p>Le ZSL e.V. a été fondé en 1988 par des activistes* en tant qu'association à but non lucratif pour l'autoreprésentation des personnes handicapées. Selon la devise <em>„Rien sur nous sans nous !“ </em>des personnes avec et sans handicap travaillent aujourd'hui ensemble dans le but de permettre aux personnes de participer à tous les domaines de la vie sur un pied d'égalité. Nous nous engageons pour une véritable inclusion et proposons une offre diversifiée qui aide les personnes handicapées à mener une vie autonome.</p><p>En tant que service de travail ouvert pour les personnes handicapées, nous proposons :</p><p><strong>Conseils.</strong></p><p>Nous proposons aux personnes handicapées, à leurs proches et aux institutions des conseils sociaux sur le thème du handicap.</p><p><strong>l'éducation.</strong></p><p>Nous voulons sensibiliser le public aux intérêts des personnes handicapées. Par le biais d'ateliers, de séminaires et de lectures, nous souhaitons attirer l'attention sur les barrières, le rejet et les structures discriminatoires. </p><p><strong>rencontre.</strong></p><p>Nous créons des espaces de rencontre - ouverts à tous. Pour cela, nous proposons une multitude d'événements où les personnes avec et sans handicap peuvent se rencontrer.</p><h2><span style="color: #7d0000;"><strong>Conditions préalables</strong></span></h2><p><strong>Tu veux t'engager pour que...</strong></p><ul><li>les personnes handicapées soient acceptées dans leur différence au sein de la société et que le handicap soit perçu et reconnu comme faisant partie de la normalité et de la diversité humaines.</li><li>toutes les offres de l'espace social puissent être utilisées par les personnes handicapées.</li><li>en donnant une voix à des personnes dont les préoccupations légitimes sont souvent ignorées.</li></ul><p><strong><br />Ton profil</strong></p><ul><li>Tu es étudiant(e) inscrit(e) en travail social, en pédagogie sociale, en pédagogie curative ou dans des filières comparables.</li><li>Tu souhaites soutenir nos spécialistes dans la planification, l'organisation et la réalisation de manifestations et d'offres de formation ainsi que dans le conseil aux personnes handicapées.</li><li>Tu t'identifies à la charte du ZSL e.V. et tu souhaites en savoir plus sur l'autodétermination et la participation.</li><li>Tu es fiable et tu as une méthode de travail autonome</li></ul><p><strong><br />Tes avantages</strong></p><ul><li>Le travail dans une petite équipe avec des échanges réguliers</li><li>une ambiance de travail motivée et très bonne</li><li>Liberté d'apporter ses propres idées et de se tester</li><li>des horaires de travail flexibles</li><li>Nous vivons l'inclusion. Chez nous, les personnes avec et sans handicap travaillent côte à côte.</li></ul><p><strong><br />Intéressé(e) ?</strong></p><p>Nous avons éveillé ton intérêt ?</p><p>Veuillez envoyer votre candidature accompagnée d'une documentation pertinente à :</p><p>Exclusivement par e-mail : <a title="bewerbung@zsl-erlangen.de" href="mailto:bewerbung@zsl-erlangen.de">bewerbung@zsl-erlangen.de</a></p></div></div></div></div></div></div>								</div>
				</div>
					</div>
				</div>
				</div>
				</div>

<p>Wir bieten Praktikumsplätze für Student*innen in unserem Bereich Beratung.Bildung.Begegnung. Über uns: Das ZSL e.V. wurde 1988 von Aktivist*innen als gemeinnütziger Verein zur Selbstvertretung von Menschen mit Behinderung gegründet. Nach dem Motto: „Nichts über uns ohne uns!“ Arbeiten heute Menschen mit und ohne Behinderung zusammen an dem Ziel, Menschen eine gleichberechtigte Teilhabe in allen Lebensbereichen zu ermöglichen. Wir [&hellip;]</p>
